Last updated on 2024-04-25 08:00:10 CEST.
Flavor | Version | Tinstall | Tcheck | Ttotal | Status | Flags |
---|---|---|---|---|---|---|
r-devel-linux-x86_64-debian-clang | 1.6 | 2.27 | 2.27 | ERROR | ||
r-devel-linux-x86_64-debian-gcc | 1.6 | 25.01 | 194.15 | 219.16 | OK | |
r-devel-linux-x86_64-fedora-clang | 1.6 | 357.92 | OK | |||
r-devel-linux-x86_64-fedora-gcc | 1.6 | 343.13 | OK | |||
r-devel-windows-x86_64 | 1.6 | 27.00 | 187.00 | 214.00 | OK | |
r-patched-linux-x86_64 | 1.6 | 31.31 | 251.83 | 283.14 | OK | |
r-release-linux-x86_64 | 1.6 | 20.81 | 263.15 | 283.96 | OK | |
r-release-macos-arm64 | 1.6 | 86.00 | OK | |||
r-release-macos-x86_64 | 1.6 | 283.00 | OK | |||
r-release-windows-x86_64 | 1.6 | 25.00 | 185.00 | 210.00 | OK | |
r-oldrel-macos-arm64 | 1.6 | 91.00 | OK | |||
r-oldrel-macos-x86_64 | 1.6 | 303.00 | OK | |||
r-oldrel-windows-x86_64 | 1.6 | 32.00 | 226.00 | 258.00 | OK |
Version: 1.6
Check: package dependencies
Result: ERROR
Package required but not available: ‘sva’
See section ‘The DESCRIPTION file’ in the ‘Writing R Extensions’
manual.
Flavor: r-devel-linux-x86_64-debian-clang