CRAN Package Check Results for Package tseriesTARMA

Last updated on 2023-09-29 08:54:14 CEST.

Flavor Version Tinstall Tcheck Ttotal Status Flags
r-devel-linux-x86_64-debian-clang 0.3-4 46.36 117.72 164.08 OK
r-devel-linux-x86_64-debian-gcc 0.3-4 46.68 88.88 135.56 OK
r-devel-linux-x86_64-fedora-clang 0.3-4 203.88 NOTE
r-devel-linux-x86_64-fedora-gcc 0.3-4 232.87 NOTE
r-devel-windows-x86_64 0.3-4 46.00 110.00 156.00 OK
r-patched-linux-x86_64 0.3-4 48.71 113.15 161.86 OK
r-release-linux-x86_64 0.3-4 35.12 113.35 148.47 OK
r-release-macos-arm64 0.3-4 82.00 OK
r-release-macos-x86_64 0.3-4 144.00 OK
r-release-windows-x86_64 0.3-4 59.00 137.00 196.00 OK
r-oldrel-macos-arm64 0.3-4 88.00 OK
r-oldrel-macos-x86_64 0.3-4 89.00 OK
r-oldrel-windows-x86_64 0.3-4 52.00 137.00 189.00 OK

Check Details

Version: 0.3-4
Check: compiled code
Result: NOTE
    File ‘tseriesTARMA/libs/tseriesTARMA.so’:
     Found no calls to: ‘R_registerRoutines’, ‘R_useDynamicSymbols’
    
    It is good practice to register native routines and to disable symbol
    search.
    
    See ‘Writing portable packages’ in the ‘Writing R Extensions’ manual.
Flavors: r-devel-linux-x86_64-fedora-clang, r-devel-linux-x86_64-fedora-gcc