CRAN Package Check Results for Package trustOptim

Last updated on 2023-06-10 08:53:30 CEST.

Flavor Version Tinstall Tcheck Ttotal Status Flags
r-devel-linux-x86_64-debian-clang 0.8.7.3 46.40 77.86 124.26 NOTE
r-devel-linux-x86_64-debian-gcc 0.8.7.3 40.25 62.22 102.47 NOTE
r-devel-linux-x86_64-fedora-clang 0.8.7.3 175.88 NOTE
r-devel-linux-x86_64-fedora-gcc 0.8.7.3 210.11 NOTE
r-devel-windows-x86_64 0.8.7.3 37.00 96.00 133.00 NOTE
r-patched-linux-x86_64 0.8.7.3 41.92 76.95 118.87 NOTE
r-release-linux-x86_64 0.8.7.3 43.77 76.41 120.18 NOTE
r-release-macos-arm64 0.8.7.3 68.00 NOTE
r-release-macos-x86_64 0.8.7.3 100.00 NOTE
r-release-windows-x86_64 0.8.7.3 47.00 113.00 160.00 NOTE
r-oldrel-macos-arm64 0.8.7.3 51.00 NOTE
r-oldrel-macos-x86_64 0.8.7.3 70.00 NOTE
r-oldrel-windows-x86_64 0.8.7.3 48.00 112.00 160.00 OK

Check Details

Version: 0.8.7.3
Check: C++ specification
Result: NOTE
     Specified C++11: please drop specification unless essential
Flavors: r-devel-linux-x86_64-debian-clang, r-devel-linux-x86_64-debian-gcc, r-devel-linux-x86_64-fedora-clang, r-devel-linux-x86_64-fedora-gcc, r-devel-windows-x86_64, r-patched-linux-x86_64, r-release-linux-x86_64, r-release-macos-arm64, r-release-macos-x86_64, r-release-windows-x86_64

Version: 0.8.7.3
Check: installed package size
Result: NOTE
     installed size is 8.9Mb
     sub-directories of 1Mb or more:
     libs 8.6Mb
Flavors: r-release-macos-arm64, r-release-macos-x86_64, r-oldrel-macos-arm64, r-oldrel-macos-x86_64