CRAN Package Check Results for Package truncnormbayes

Last updated on 2023-09-24 08:58:32 CEST.

Flavor Version Tinstall Tcheck Ttotal Status Flags
r-devel-linux-x86_64-debian-clang 0.0.3 159.94 690.50 850.44 NOTE
r-devel-linux-x86_64-debian-gcc 0.0.3 132.92 340.98 473.90 NOTE
r-devel-linux-x86_64-fedora-clang 0.0.3 1047.18 NOTE
r-devel-linux-x86_64-fedora-gcc 0.0.3 702.27 NOTE
r-devel-windows-x86_64 0.0.3 128.00 475.00 603.00 NOTE
r-patched-linux-x86_64 0.0.3 111.94 451.87 563.81 NOTE
r-release-linux-x86_64 0.0.3 120.93 458.40 579.33 NOTE
r-release-macos-arm64 0.0.3 205.00 NOTE
r-release-macos-x86_64 0.0.3 465.00 NOTE
r-release-windows-x86_64 0.0.3 171.00 562.00 733.00 NOTE
r-oldrel-macos-arm64 0.0.3 196.00 NOTE
r-oldrel-macos-x86_64 0.0.3 262.00 NOTE
r-oldrel-windows-x86_64 0.0.3 156.00 537.00 693.00 NOTE

Check Details

Version: 0.0.3
Check: for GNU extensions in Makefiles
Result: NOTE
    GNU make is a SystemRequirements.
Flavors: r-devel-linux-x86_64-debian-clang, r-devel-linux-x86_64-debian-gcc, r-devel-linux-x86_64-fedora-clang, r-devel-linux-x86_64-fedora-gcc, r-devel-windows-x86_64, r-patched-linux-x86_64, r-release-linux-x86_64, r-release-macos-arm64, r-release-macos-x86_64, r-release-windows-x86_64, r-oldrel-macos-arm64, r-oldrel-macos-x86_64, r-oldrel-windows-x86_64

Version: 0.0.3
Check: installed package size
Result: NOTE
     installed size is 33.6Mb
     sub-directories of 1Mb or more:
     libs 33.4Mb
Flavors: r-release-macos-arm64, r-release-macos-x86_64, r-oldrel-macos-arm64, r-oldrel-macos-x86_64