Last updated on 2023-09-25 20:09:02 CEST.
Flavor | Version | Tinstall | Tcheck | Ttotal | Status | Flags |
---|---|---|---|---|---|---|
r-devel-linux-x86_64-debian-clang | 1.3.0 | 11.95 | 137.68 | 149.63 | NOTE | |
r-devel-linux-x86_64-debian-gcc | 1.3.0 | 10.48 | 99.24 | 109.72 | NOTE | |
r-devel-linux-x86_64-fedora-clang | 1.3.0 | 172.54 | NOTE | |||
r-devel-linux-x86_64-fedora-gcc | 1.3.0 | 173.04 | NOTE | |||
r-devel-windows-x86_64 | 1.3.0 | 11.00 | 105.00 | 116.00 | NOTE | |
r-patched-linux-x86_64 | 1.3.0 | 7.47 | 126.97 | 134.44 | NOTE | |
r-release-linux-x86_64 | 1.3.0 | 7.63 | 125.06 | 132.69 | NOTE | |
r-release-macos-arm64 | 1.3.0 | 52.00 | NOTE | |||
r-release-macos-x86_64 | 1.3.0 | 88.00 | NOTE | |||
r-release-windows-x86_64 | 1.3.0 | 16.00 | 139.00 | 155.00 | NOTE | |
r-oldrel-macos-arm64 | 1.3.0 | 46.00 | NOTE | |||
r-oldrel-macos-x86_64 | 1.3.0 | 86.00 | NOTE | |||
r-oldrel-windows-x86_64 | 1.3.0 | 14.00 | 133.00 | 147.00 | NOTE |
Version: 1.3.0
Check: LazyData
Result: NOTE
'LazyData' is specified without a 'data' directory
Flavors: r-devel-linux-x86_64-debian-clang, r-devel-linux-x86_64-debian-gcc, r-devel-linux-x86_64-fedora-clang, r-devel-linux-x86_64-fedora-gcc, r-devel-windows-x86_64, r-patched-linux-x86_64, r-release-linux-x86_64, r-release-macos-arm64, r-release-macos-x86_64, r-release-windows-x86_64, r-oldrel-macos-arm64, r-oldrel-macos-x86_64, r-oldrel-windows-x86_64