Last updated on 2023-10-01 08:52:13 CEST.
Flavor | Version | Tinstall | Tcheck | Ttotal | Status | Flags |
---|---|---|---|---|---|---|
r-devel-linux-x86_64-debian-clang | 1.3-9.1 | 9.19 | 39.43 | 48.62 | OK | |
r-devel-linux-x86_64-debian-gcc | 1.3-9.1 | 7.08 | 30.04 | 37.12 | OK | |
r-devel-linux-x86_64-fedora-clang | 1.3-9.1 | 62.16 | NOTE | |||
r-devel-linux-x86_64-fedora-gcc | 1.3-9.1 | 62.18 | OK | |||
r-devel-windows-x86_64 | 1.3-9.1 | 11.00 | 64.00 | 75.00 | OK | |
r-patched-linux-x86_64 | 1.3-9.1 | 10.11 | 36.23 | 46.34 | OK | |
r-release-linux-x86_64 | 1.3-9.1 | 8.38 | 39.04 | 47.42 | OK | |
r-release-macos-arm64 | 1.3-9.1 | 25.00 | OK | |||
r-release-macos-x86_64 | 1.3-9.1 | 37.00 | OK | |||
r-release-windows-x86_64 | 1.3-9.1 | 11.00 | 75.00 | 86.00 | OK | |
r-oldrel-macos-arm64 | 1.3-9.1 | 27.00 | OK | |||
r-oldrel-macos-x86_64 | 1.3-9.1 | 32.00 | OK | |||
r-oldrel-windows-x86_64 | 1.3-9.1 | 20.00 | 60.00 | 80.00 | OK |
Version: 1.3-9.1
Check: Rd cross-references
Result: NOTE
Undeclared package ‘akima’ in Rd xrefs
Flavor: r-devel-linux-x86_64-fedora-clang