Last updated on 2024-04-23 07:51:24 CEST.
Flavor | Version | Tinstall | Tcheck | Ttotal | Status | Flags |
---|---|---|---|---|---|---|
r-devel-linux-x86_64-debian-clang | 1.1.4 | 97.82 | 44.41 | 142.23 | NOTE | |
r-devel-linux-x86_64-debian-gcc | 1.1.4 | 80.83 | 34.45 | 115.28 | NOTE | |
r-devel-linux-x86_64-fedora-clang | 1.1.4 | 238.74 | NOTE | |||
r-devel-linux-x86_64-fedora-gcc | 1.1.4 | 224.26 | NOTE | |||
r-prerel-macos-arm64 | 1.1.4 | 53.00 | NOTE | |||
r-prerel-windows-x86_64 | 1.1.4 | 79.00 | 76.00 | 155.00 | NOTE | |
r-patched-linux-x86_64 | 1.1.4 | 105.95 | 44.07 | 150.02 | NOTE | |
r-release-linux-x86_64 | 1.1.4 | 108.87 | 43.99 | 152.86 | NOTE | |
r-release-macos-arm64 | 1.1.4 | 63.00 | NOTE | |||
r-release-macos-x86_64 | 1.1.4 | 96.00 | NOTE | |||
r-release-windows-x86_64 | 1.1.4 | 99.00 | 89.00 | 188.00 | NOTE | |
r-oldrel-macos-arm64 | 1.1.4 | 54.00 | NOTE | |||
r-oldrel-windows-x86_64 | 1.1.4 | 96.00 | 86.00 | 182.00 | OK |
Version: 1.1.4
Check: C++ specification
Result: NOTE
Specified C++11: please drop specification unless essential
Flavors: r-devel-linux-x86_64-debian-clang, r-devel-linux-x86_64-debian-gcc, r-devel-linux-x86_64-fedora-clang, r-devel-linux-x86_64-fedora-gcc, r-prerel-macos-arm64, r-prerel-windows-x86_64, r-patched-linux-x86_64, r-release-linux-x86_64, r-release-macos-arm64, r-release-macos-x86_64, r-release-windows-x86_64
Version: 1.1.4
Check: installed package size
Result: NOTE
installed size is 10.3Mb
sub-directories of 1Mb or more:
libs 10.2Mb
Flavors: r-prerel-macos-arm64, r-release-macos-arm64, r-release-macos-x86_64, r-oldrel-macos-arm64