CRAN Package Check Results for Package tree.interpreter

Last updated on 2023-06-09 19:56:39 CEST.

Flavor Version Tinstall Tcheck Ttotal Status Flags
r-devel-linux-x86_64-debian-clang 0.1.1 42.95 54.87 97.82 NOTE
r-devel-linux-x86_64-debian-gcc 0.1.1 33.22 43.01 76.23 NOTE
r-devel-linux-x86_64-fedora-clang 0.1.1 143.06 NOTE
r-devel-linux-x86_64-fedora-gcc 0.1.1 148.29 NOTE
r-devel-windows-x86_64 0.1.1 34.00 85.00 119.00 NOTE
r-patched-linux-x86_64 0.1.1 36.10 53.70 89.80 NOTE
r-release-linux-x86_64 0.1.1 33.79 53.64 87.43 NOTE
r-release-macos-arm64 0.1.1 48.00 NOTE
r-release-macos-x86_64 0.1.1 77.00 NOTE
r-release-windows-x86_64 0.1.1 45.00 93.00 138.00 NOTE
r-oldrel-macos-arm64 0.1.1 39.00 OK
r-oldrel-macos-x86_64 0.1.1 51.00 OK
r-oldrel-windows-x86_64 0.1.1 42.00 90.00 132.00 OK

Check Details

Version: 0.1.1
Check: C++ specification
Result: NOTE
     Specified C++11: please drop specification unless essential
Flavors: r-devel-linux-x86_64-debian-clang, r-devel-linux-x86_64-debian-gcc, r-devel-linux-x86_64-fedora-clang, r-devel-linux-x86_64-fedora-gcc, r-devel-windows-x86_64, r-patched-linux-x86_64, r-release-linux-x86_64, r-release-macos-arm64, r-release-macos-x86_64, r-release-windows-x86_64