Last updated on 2024-03-28 07:53:06 CET.
Flavor | Version | Tinstall | Tcheck | Ttotal | Status | Flags |
---|---|---|---|---|---|---|
r-devel-linux-x86_64-debian-clang | 1.0.11 | 7.46 | 108.98 | 116.44 | NOTE | |
r-devel-linux-x86_64-debian-gcc | 1.0.11 | 6.64 | 80.09 | 86.73 | NOTE | |
r-devel-linux-x86_64-fedora-clang | 1.0.11 | 154.79 | NOTE | |||
r-devel-linux-x86_64-fedora-gcc | 1.0.11 | 181.68 | NOTE | |||
r-devel-windows-x86_64 | 1.0.11 | 9.00 | 419.00 | 428.00 | NOTE | |
r-patched-linux-x86_64 | 1.0.11 | 7.28 | 112.57 | 119.85 | OK | |
r-release-linux-x86_64 | 1.0.11 | 8.46 | 115.59 | 124.05 | OK | |
r-release-macos-arm64 | 1.0.11 | 198.00 | OK | |||
r-release-macos-x86_64 | 1.0.11 | 504.00 | OK | |||
r-release-windows-x86_64 | 1.0.11 | 12.00 | 408.00 | 420.00 | OK | |
r-oldrel-macos-arm64 | 1.0.11 | 189.00 | OK | |||
r-oldrel-windows-x86_64 | 1.0.11 | 14.00 | 418.00 | 432.00 | OK |
Version: 1.0.11
Check: Rd files
Result: NOTE
checkRd: (-1) Blavet.Rd:15: Lost braces in \itemize; meant \describe ?
checkRd: (-1) Blavet.Rd:16: Lost braces in \itemize; meant \describe ?
checkRd: (-1) Blavet.Rd:17: Lost braces in \itemize; meant \describe ?
checkRd: (-1) Blavet.Rd:18: Lost braces in \itemize; meant \describe ?
checkRd: (-1) Blavet.Rd:19: Lost braces in \itemize; meant \describe ?
checkRd: (-1) Blavet.Rd:20: Lost braces in \itemize; meant \describe ?
checkRd: (-1) Blavet.Rd:28: Lost braces in \itemize; meant \describe ?
checkRd: (-1) Blavet.Rd:29: Lost braces in \itemize; meant \describe ?
checkRd: (-1) Blavet.Rd:30: Lost braces in \itemize; meant \describe ?
checkRd: (-1) Oudon.Rd:15: Lost braces in \itemize; meant \describe ?
checkRd: (-1) Oudon.Rd:16: Lost braces in \itemize; meant \describe ?
checkRd: (-1) Oudon.Rd:17: Lost braces in \itemize; meant \describe ?
checkRd: (-1) Oudon.Rd:18: Lost braces in \itemize; meant \describe ?
checkRd: (-1) Oudon.Rd:19: Lost braces in \itemize; meant \describe ?
checkRd: (-1) Oudon.Rd:20: Lost braces in \itemize; meant \describe ?
checkRd: (-1) Oudon.Rd:28: Lost braces in \itemize; meant \describe ?
checkRd: (-1) Oudon.Rd:29: Lost braces in \itemize; meant \describe ?
Flavors: r-devel-linux-x86_64-debian-clang, r-devel-linux-x86_64-debian-gcc, r-devel-linux-x86_64-fedora-clang, r-devel-linux-x86_64-fedora-gcc, r-devel-windows-x86_64