Last updated on 2023-10-01 08:52:13 CEST.
Flavor | Version | Tinstall | Tcheck | Ttotal | Status | Flags |
---|---|---|---|---|---|---|
r-devel-linux-x86_64-debian-clang | 1.0.5 | 136.56 | 278.42 | 414.98 | OK | |
r-devel-linux-x86_64-debian-gcc | 1.0.5 | 117.20 | 202.90 | 320.10 | OK | |
r-devel-linux-x86_64-fedora-clang | 1.0.5 | 493.88 | OK | |||
r-devel-linux-x86_64-fedora-gcc | 1.0.5 | 579.59 | OK | |||
r-devel-windows-x86_64 | 1.0.5 | 94.00 | 291.00 | 385.00 | NOTE | |
r-patched-linux-x86_64 | 1.0.5 | 142.72 | 265.82 | 408.54 | OK | |
r-release-linux-x86_64 | 1.0.5 | 121.02 | 265.23 | 386.25 | OK | |
r-release-macos-arm64 | 1.0.5 | 123.00 | NOTE | |||
r-release-macos-x86_64 | 1.0.5 | 314.00 | NOTE | |||
r-release-windows-x86_64 | 1.0.5 | 125.00 | 339.00 | 464.00 | NOTE | |
r-oldrel-macos-arm64 | 1.0.5 | 143.00 | NOTE | |||
r-oldrel-macos-x86_64 | 1.0.5 | 193.00 | NOTE | |||
r-oldrel-windows-x86_64 | 1.0.5 | 120.00 | 313.00 | 433.00 | NOTE |
Version: 1.0.5
Check: installed package size
Result: NOTE
installed size is 15.9Mb
sub-directories of 1Mb or more:
doc 2.1Mb
libs 13.2Mb
Flavors: r-devel-windows-x86_64, r-release-macos-arm64, r-release-macos-x86_64, r-release-windows-x86_64, r-oldrel-macos-arm64, r-oldrel-macos-x86_64, r-oldrel-windows-x86_64