Last updated on 2023-12-07 06:52:02 CET.
Flavor | Version | Tinstall | Tcheck | Ttotal | Status | Flags |
---|---|---|---|---|---|---|
r-devel-linux-x86_64-debian-clang | 1.5.2 | 13.59 | 288.61 | 302.20 | NOTE | |
r-devel-linux-x86_64-debian-gcc | 1.5.2 | 10.68 | 212.47 | 223.15 | NOTE | |
r-devel-linux-x86_64-fedora-clang | 1.5.2 | 369.76 | NOTE | |||
r-devel-linux-x86_64-fedora-gcc | 1.5.2 | 373.72 | NOTE | |||
r-devel-windows-x86_64 | 1.5.2 | 14.00 | 258.00 | 272.00 | NOTE | |
r-patched-linux-x86_64 | 1.5.2 | 18.81 | 273.36 | 292.17 | NOTE | |
r-release-linux-x86_64 | 1.5.2 | 9.99 | 277.03 | 287.02 | NOTE | |
r-release-macos-arm64 | 1.5.2 | 166.00 | NOTE | |||
r-release-macos-x86_64 | 1.5.2 | 259.00 | NOTE | |||
r-release-windows-x86_64 | 1.5.2 | 18.00 | 306.00 | 324.00 | NOTE | |
r-oldrel-macos-arm64 | 1.5.2 | 133.00 | NOTE | |||
r-oldrel-macos-x86_64 | 1.5.2 | 244.00 | NOTE | |||
r-oldrel-windows-x86_64 | 1.5.2 | 19.00 | 305.00 | 324.00 | NOTE |
Version: 1.5.2
Check: package subdirectories
Result: NOTE
Problems with news in ‘NEWS.md’:
Cannot extract version info from the following section titles:
Enhancements
Other changes
Flavors: r-devel-linux-x86_64-debian-clang, r-devel-linux-x86_64-debian-gcc, r-devel-linux-x86_64-fedora-clang, r-devel-linux-x86_64-fedora-gcc, r-devel-windows-x86_64, r-patched-linux-x86_64, r-release-linux-x86_64, r-release-macos-arm64, r-release-macos-x86_64, r-release-windows-x86_64
Version: 1.5.2
Check: installed package size
Result: NOTE
installed size is 6.0Mb
sub-directories of 1Mb or more:
data 2.2Mb
doc 2.7Mb
Flavors: r-devel-linux-x86_64-fedora-clang, r-devel-windows-x86_64, r-release-macos-arm64, r-release-macos-x86_64, r-release-windows-x86_64, r-oldrel-macos-arm64, r-oldrel-macos-x86_64, r-oldrel-windows-x86_64
Version: 1.5.2
Check: re-building of vignette outputs
Result: NOTE
Error(s) in re-building vignettes:
--- re-building ‘TourDetrackeR.Rmd’ using rmarkdown
Pandoc is required to build R Markdown vignettes but not available. Please make sure it is installed.
file:////private/var/folders/2b/t0kwbtmn3p7brv2mvx39c9cr0000gn/T/RtmpIuVybB/file14f4848605c56/widget14f482e4e3739.html screenshot completed
--- finished re-building ‘TourDetrackeR.Rmd’
--- re-building ‘trackeR.Rnw’ using Sweave
Loading required package: zoo
Attaching package: 'zoo'
The following objects are masked from 'package:base':
as.Date, as.Date.numeric
Attaching package: 'trackeR'
The following object is masked from 'package:base':
append
Warning in sanity_checks(dat = dat, silent = silent) :
Observations with duplicated time stamps have been removed.
Warning in sanity_checks(dat = dat, silent = silent) :
Observations with duplicated time stamps have been removed.
Warning: The `facets` argument of `facet_grid()` is deprecated as of ggplot2
2.2.0.
ℹ Please use the `rows` argument instead.
ℹ The deprecated feature was likely used in the trackeR package.
Please report the issue at
<https://github.com/trackerproject/trackeR/issues>.
Loading required package: splines
Loading required package: fds
Loading required package: rainbow
Loading required package: MASS
Loading required package: pcaPP
Loading required package: RCurl
Loading required package: deSolve
Attaching package: 'fda'
The following object is masked from 'package:graphics':
matplot
Error: processing vignette 'trackeR.Rnw' failed with diagnostics:
Running 'texi2dvi' on 'trackeR.tex' failed.
LaTeX errors:
! LaTeX Error: File `dsfont.sty' not found.
Type X to quit or <RETURN> to proceed,
or enter new name. (Default extension: sty)
! Emergency stop.
<read *>
l.5 \usepackage
{tikz}^^M
! ==> Fatal error occurred, no output PDF file produced!
--- failed re-building 'trackeR.Rnw'
SUMMARY: processing the following file failed:
‘trackeR.Rnw’
Error: Vignette re-building failed.
Execution halted
Flavor: r-release-macos-x86_64