CRAN Package Check Results for Package tpfp

Last updated on 2023-09-22 08:56:01 CEST.

Flavor Version Tinstall Tcheck Ttotal Status Flags
r-devel-linux-x86_64-debian-clang 0.0.1 2.56 30.66 33.22 OK
r-devel-linux-x86_64-debian-gcc 0.0.1 2.02 23.69 25.71 OK
r-devel-linux-x86_64-fedora-clang 0.0.1 43.16 NOTE
r-devel-linux-x86_64-fedora-gcc 0.0.1 53.13 NOTE
r-devel-windows-x86_64 0.0.1 5.00 53.00 58.00 OK
r-patched-linux-x86_64 0.0.1 2.78 29.20 31.98 OK
r-release-linux-x86_64 0.0.1 1.60 29.53 31.13 OK
r-release-macos-arm64 0.0.1 25.00 OK
r-release-macos-x86_64 0.0.1 32.00 OK
r-release-windows-x86_64 0.0.1 4.00 50.00 54.00 OK
r-oldrel-macos-arm64 0.0.1 24.00 NOTE
r-oldrel-macos-x86_64 0.0.1 32.00 NOTE
r-oldrel-windows-x86_64 0.0.1 4.00 45.00 49.00 OK

Check Details

Version: 0.0.1
Check: dependencies in R code
Result: NOTE
    Namespace in Imports field not imported from: ‘knitr’
     All declared Imports should be used.
Flavors: r-devel-linux-x86_64-fedora-clang, r-devel-linux-x86_64-fedora-gcc, r-oldrel-macos-arm64, r-oldrel-macos-x86_64