Last updated on 2023-09-22 08:56:01 CEST.
Flavor | Version | Tinstall | Tcheck | Ttotal | Status | Flags |
---|---|---|---|---|---|---|
r-devel-linux-x86_64-debian-clang | 1.3.0 | 21.75 | 171.71 | 193.46 | NOTE | |
r-devel-linux-x86_64-debian-gcc | 1.3.0 | 19.82 | 125.38 | 145.20 | NOTE | |
r-devel-linux-x86_64-fedora-clang | 1.3.0 | 242.96 | NOTE | |||
r-devel-linux-x86_64-fedora-gcc | 1.3.0 | 240.58 | NOTE | |||
r-devel-windows-x86_64 | 1.3.0 | 21.00 | 153.00 | 174.00 | NOTE | |
r-patched-linux-x86_64 | 1.3.0 | 17.31 | 160.31 | 177.62 | OK | |
r-release-linux-x86_64 | 1.3.0 | 15.42 | 159.74 | 175.16 | OK | |
r-release-macos-arm64 | 1.3.0 | 87.00 | OK | |||
r-release-macos-x86_64 | 1.3.0 | 222.00 | OK | |||
r-release-windows-x86_64 | 1.3.0 | 28.00 | 177.00 | 205.00 | OK | |
r-oldrel-macos-arm64 | 1.3.0 | 70.00 | OK | |||
r-oldrel-macos-x86_64 | 1.3.0 | 99.00 | OK | |||
r-oldrel-windows-x86_64 | 1.3.0 | 28.00 | 174.00 | 202.00 | OK |
Version: 1.3.0
Check: Rd \usage sections
Result: NOTE
Documented arguments not in \usage in documentation object 'createLink':
‘hits’
Functions with \usage entries need to have the appropriate \alias
entries, and all their arguments documented.
The \usage entries must correspond to syntactically valid R code.
See chapter ‘Writing R documentation files’ in the ‘Writing R
Extensions’ manual.
Flavors: r-devel-linux-x86_64-debian-clang, r-devel-linux-x86_64-debian-gcc, r-devel-linux-x86_64-fedora-clang, r-devel-linux-x86_64-fedora-gcc, r-devel-windows-x86_64