Last updated on 2023-09-24 08:58:32 CEST.
Flavor | Version | Tinstall | Tcheck | Ttotal | Status | Flags |
---|---|---|---|---|---|---|
r-devel-linux-x86_64-debian-clang | 0.3-2 | 10.10 | 109.70 | 119.80 | NOTE | |
r-devel-linux-x86_64-debian-gcc | 0.3-2 | 9.26 | 80.51 | 89.77 | NOTE | |
r-devel-linux-x86_64-fedora-clang | 0.3-2 | 149.65 | NOTE | |||
r-devel-linux-x86_64-fedora-gcc | 0.3-2 | 158.21 | NOTE | |||
r-devel-windows-x86_64 | 0.3-2 | 11.00 | 138.00 | 149.00 | NOTE | |
r-patched-linux-x86_64 | 0.3-2 | 16.09 | 103.85 | 119.94 | NOTE | |
r-release-linux-x86_64 | 0.3-2 | 12.08 | 105.69 | 117.77 | NOTE | |
r-release-macos-arm64 | 0.3-2 | 83.00 | NOTE | |||
r-release-macos-x86_64 | 0.3-2 | 110.00 | NOTE | |||
r-release-windows-x86_64 | 0.3-2 | 15.00 | 154.00 | 169.00 | NOTE | |
r-oldrel-macos-arm64 | 0.3-2 | 77.00 | NOTE | |||
r-oldrel-macos-x86_64 | 0.3-2 | 91.00 | NOTE | |||
r-oldrel-windows-x86_64 | 0.3-2 | 15.00 | 148.00 | 163.00 | NOTE |
Version: 0.3-2
Check: package dependencies
Result: NOTE
Package suggested but not available for checking: ‘toscaData’
Flavors: r-devel-linux-x86_64-debian-clang, r-devel-linux-x86_64-debian-gcc, r-devel-linux-x86_64-fedora-clang, r-devel-linux-x86_64-fedora-gcc, r-devel-windows-x86_64, r-patched-linux-x86_64, r-release-linux-x86_64, r-release-macos-arm64, r-release-macos-x86_64, r-release-windows-x86_64, r-oldrel-macos-arm64, r-oldrel-macos-x86_64, r-oldrel-windows-x86_64