Last updated on 2024-04-19 19:50:30 CEST.
Flavor | Version | Tinstall | Tcheck | Ttotal | Status | Flags |
---|---|---|---|---|---|---|
r-devel-linux-x86_64-debian-clang | 0.2-16 | 17.01 | 135.40 | 152.41 | OK | |
r-devel-linux-x86_64-debian-gcc | 0.2-16 | OK | ||||
r-devel-linux-x86_64-fedora-clang | 0.2-16 | 196.94 | NOTE | |||
r-devel-linux-x86_64-fedora-gcc | 0.2-16 | 205.00 | NOTE | |||
r-prerel-macos-arm64 | 0.2-16 | 65.00 | OK | |||
r-prerel-windows-x86_64 | 0.2-16 | 21.00 | 188.00 | 209.00 | OK | |
r-patched-linux-x86_64 | 0.2-16 | 15.91 | 138.12 | 154.03 | OK | |
r-release-linux-x86_64 | 0.2-16 | 15.75 | 136.73 | 152.48 | OK | |
r-release-macos-arm64 | 0.2-16 | 101.00 | OK | |||
r-release-macos-x86_64 | 0.2-16 | 191.00 | OK | |||
r-release-windows-x86_64 | 0.2-16 | 24.00 | 206.00 | 230.00 | OK | |
r-oldrel-macos-arm64 | 0.2-16 | 96.00 | OK | |||
r-oldrel-windows-x86_64 | 0.2-16 | 24.00 | 206.00 | 230.00 | OK |
Version: 0.2-16
Check: data for non-ASCII characters
Result: NOTE
Note: found 91 marked UTF-8 strings
Flavors: r-devel-linux-x86_64-fedora-clang, r-devel-linux-x86_64-fedora-gcc