Last updated on 2024-04-26 19:49:28 CEST.
Flavor | Version | Tinstall | Tcheck | Ttotal | Status | Flags |
---|---|---|---|---|---|---|
r-devel-linux-x86_64-debian-clang | 0.1.1 | 4.31 | 117.99 | 122.30 | OK | |
r-devel-linux-x86_64-debian-gcc | 0.1.1 | 3.81 | 82.23 | 86.04 | OK | |
r-devel-linux-x86_64-fedora-clang | 0.1.1 | 159.01 | OK | |||
r-devel-linux-x86_64-fedora-gcc | 0.1.1 | 170.11 | OK | |||
r-devel-windows-x86_64 | 0.1.1 | 5.00 | 169.00 | 174.00 | OK | |
r-patched-linux-x86_64 | 0.1.1 | 5.25 | 121.48 | 126.73 | OK | |
r-release-linux-x86_64 | 0.1.1 | 3.95 | 122.95 | 126.90 | OK | |
r-release-macos-arm64 | 0.1.1 | 76.00 | OK | |||
r-release-windows-x86_64 | 0.1.1 | 5.00 | 178.00 | 183.00 | OK | |
r-oldrel-macos-arm64 | 0.1.1 | 71.00 | OK | |||
r-oldrel-macos-x86_64 | 0.1.1 | 118.00 | NOTE | |||
r-oldrel-windows-x86_64 | 0.1.1 | 7.00 | 158.00 | 165.00 | OK |
Version: 0.1.1
Check: package dependencies
Result: NOTE
Package suggested but not available for checking: ‘stm’
Flavor: r-oldrel-macos-x86_64
Version: 0.1.1
Check: Rd cross-references
Result: NOTE
Package unavailable to check Rd xrefs: ‘stm’
Flavor: r-oldrel-macos-x86_64