Last updated on 2023-09-24 08:58:32 CEST.
Flavor | Version | Tinstall | Tcheck | Ttotal | Status | Flags |
---|---|---|---|---|---|---|
r-devel-linux-x86_64-debian-clang | 0.1.1 | 4.42 | 112.27 | 116.69 | OK | |
r-devel-linux-x86_64-debian-gcc | 0.1.1 | 3.20 | 78.46 | 81.66 | OK | |
r-devel-linux-x86_64-fedora-clang | 0.1.1 | 153.53 | OK | |||
r-devel-linux-x86_64-fedora-gcc | 0.1.1 | 165.66 | OK | |||
r-devel-windows-x86_64 | 0.1.1 | 4.00 | 170.00 | 174.00 | OK | |
r-patched-linux-x86_64 | 0.1.1 | 3.88 | 117.31 | 121.19 | OK | |
r-release-linux-x86_64 | 0.1.1 | 3.72 | 115.98 | 119.70 | OK | |
r-release-macos-arm64 | 0.1.1 | 71.00 | OK | |||
r-release-macos-x86_64 | 0.1.1 | 118.00 | NOTE | |||
r-release-windows-x86_64 | 0.1.1 | 5.00 | 155.00 | 160.00 | OK | |
r-oldrel-macos-arm64 | 0.1.1 | 66.00 | OK | |||
r-oldrel-macos-x86_64 | 0.1.1 | 79.00 | OK | |||
r-oldrel-windows-x86_64 | 0.1.1 | 6.00 | 161.00 | 167.00 | OK |
Version: 0.1.1
Check: package dependencies
Result: NOTE
Package suggested but not available for checking: ‘stm’
Flavor: r-release-macos-x86_64
Version: 0.1.1
Check: Rd cross-references
Result: NOTE
Package unavailable to check Rd xrefs: ‘stm’
Flavor: r-release-macos-x86_64