Last updated on 2023-09-22 08:56:01 CEST.
Flavor | Version | Tinstall | Tcheck | Ttotal | Status | Flags |
---|---|---|---|---|---|---|
r-devel-linux-x86_64-debian-clang | 0.3.0 | 34.94 | 45.45 | 80.39 | OK | |
r-devel-linux-x86_64-debian-gcc | 0.3.0 | 21.94 | 35.07 | 57.01 | OK | |
r-devel-linux-x86_64-fedora-clang | 0.3.0 | 110.06 | NOTE | |||
r-devel-linux-x86_64-fedora-gcc | 0.3.0 | 116.39 | NOTE | |||
r-devel-windows-x86_64 | 0.3.0 | 23.00 | 79.00 | 102.00 | OK | |
r-patched-linux-x86_64 | 0.3.0 | 28.63 | 43.95 | 72.58 | OK | |
r-release-linux-x86_64 | 0.3.0 | 30.17 | 43.51 | 73.68 | OK | |
r-release-macos-arm64 | 0.3.0 | 41.00 | OK | |||
r-release-macos-x86_64 | 0.3.0 | 61.00 | OK | |||
r-release-windows-x86_64 | 0.3.0 | 26.00 | 85.00 | 111.00 | OK | |
r-oldrel-macos-arm64 | 0.3.0 | 37.00 | OK | |||
r-oldrel-macos-x86_64 | 0.3.0 | 72.00 | OK | |||
r-oldrel-windows-x86_64 | 0.3.0 | 37.00 | 82.00 | 119.00 | OK |
Version: 0.3.0
Check: data for non-ASCII characters
Result: NOTE
Note: found 1 marked UTF-8 string
Flavors: r-devel-linux-x86_64-fedora-clang, r-devel-linux-x86_64-fedora-gcc