Last updated on 2024-04-19 19:50:30 CEST.
Flavor | Version | Tinstall | Tcheck | Ttotal | Status | Flags |
---|---|---|---|---|---|---|
r-devel-linux-x86_64-debian-clang | 0.1.3 | 140.59 | 31.16 | 171.75 | OK | |
r-devel-linux-x86_64-debian-gcc | 0.1.3 | OK | ||||
r-devel-linux-x86_64-fedora-clang | 0.1.3 | 237.16 | OK | |||
r-devel-linux-x86_64-fedora-gcc | 0.1.3 | 253.06 | OK | |||
r-prerel-macos-arm64 | 0.1.3 | 53.00 | NOTE | |||
r-prerel-windows-x86_64 | 0.1.3 | 98.00 | 70.00 | 168.00 | OK | |
r-patched-linux-x86_64 | 0.1.3 | 134.81 | 29.63 | 164.44 | OK | |
r-release-linux-x86_64 | 0.1.3 | 147.51 | 29.43 | 176.94 | OK | |
r-release-macos-arm64 | 0.1.3 | 58.00 | NOTE | |||
r-release-macos-x86_64 | 0.1.3 | 94.00 | NOTE | |||
r-release-windows-x86_64 | 0.1.3 | 91.00 | 79.00 | 170.00 | OK | |
r-oldrel-macos-arm64 | 0.1.3 | 68.00 | NOTE | |||
r-oldrel-windows-x86_64 | 0.1.3 | 108.00 | 75.00 | 183.00 | OK |
Version: 0.1.3
Check: installed package size
Result: NOTE
installed size is 6.1Mb
sub-directories of 1Mb or more:
libs 5.1Mb
Flavors: r-prerel-macos-arm64, r-release-macos-arm64, r-release-macos-x86_64, r-oldrel-macos-arm64