Last updated on 2023-05-28 20:04:12 CEST.
Flavor | Version | Tinstall | Tcheck | Ttotal | Status | Flags |
---|---|---|---|---|---|---|
r-devel-linux-x86_64-debian-clang | 0.1.1 | 116.63 | 29.51 | 146.14 | NOTE | |
r-devel-linux-x86_64-debian-gcc | 0.1.1 | 97.98 | 23.64 | 121.62 | NOTE | |
r-devel-linux-x86_64-fedora-clang | 0.1.1 | 234.69 | NOTE | |||
r-devel-linux-x86_64-fedora-gcc | 0.1.1 | 235.78 | NOTE | |||
r-devel-windows-x86_64 | 0.1.1 | 73.00 | 70.00 | 143.00 | NOTE | |
r-patched-linux-x86_64 | 0.1.1 | 110.41 | 29.12 | 139.53 | NOTE | |
r-release-linux-x86_64 | 0.1.1 | 103.05 | 29.09 | 132.14 | NOTE | |
r-release-macos-arm64 | 0.1.1 | 62.00 | NOTE | |||
r-release-macos-x86_64 | 0.1.1 | 98.00 | NOTE | |||
r-release-windows-x86_64 | 0.1.1 | 79.00 | 78.00 | 157.00 | NOTE | |
r-oldrel-macos-arm64 | 0.1.1 | 57.00 | NOTE | |||
r-oldrel-macos-x86_64 | 0.1.1 | 72.00 | NOTE | |||
r-oldrel-windows-x86_64 | 0.1.1 | 106.00 | 76.00 | 182.00 | OK |
Version: 0.1.1
Check: C++ specification
Result: NOTE
Specified C++11: please drop specification unless essential
Flavors: r-devel-linux-x86_64-debian-clang, r-devel-linux-x86_64-debian-gcc, r-devel-linux-x86_64-fedora-clang, r-devel-linux-x86_64-fedora-gcc, r-devel-windows-x86_64, r-patched-linux-x86_64, r-release-linux-x86_64, r-release-macos-arm64, r-release-macos-x86_64, r-release-windows-x86_64
Version: 0.1.1
Check: installed package size
Result: NOTE
installed size is 6.4Mb
sub-directories of 1Mb or more:
libs 5.4Mb
Flavors: r-release-macos-arm64, r-release-macos-x86_64, r-oldrel-macos-arm64, r-oldrel-macos-x86_64