CRAN Package Check Results for Package toastui

Last updated on 2023-09-28 08:59:04 CEST.

Flavor Version Tinstall Tcheck Ttotal Status Flags
r-devel-linux-x86_64-debian-clang 0.3.0 7.17 71.94 79.11 OK
r-devel-linux-x86_64-debian-gcc 0.3.0 5.13 56.03 61.16 OK
r-devel-linux-x86_64-fedora-clang 0.3.0 97.37 NOTE
r-devel-linux-x86_64-fedora-gcc 0.3.0 109.10 NOTE
r-devel-windows-x86_64 0.3.0 9.00 94.00 103.00 OK
r-patched-linux-x86_64 0.3.0 5.87 68.72 74.59 OK
r-release-linux-x86_64 0.3.0 4.65 69.39 74.04 OK
r-release-macos-arm64 0.3.0 38.00 OK
r-release-macos-x86_64 0.3.0 74.00 OK
r-release-windows-x86_64 0.3.0 10.00 105.00 115.00 OK
r-oldrel-macos-arm64 0.3.0 34.00 OK
r-oldrel-macos-x86_64 0.3.0 52.00 OK
r-oldrel-windows-x86_64 0.3.0 12.00 98.00 110.00 OK

Check Details

Version: 0.3.0
Check: data for non-ASCII characters
Result: NOTE
     Note: found 1 marked UTF-8 string
Flavors: r-devel-linux-x86_64-fedora-clang, r-devel-linux-x86_64-fedora-gcc