Last updated on 2023-10-04 08:01:52 CEST.
Flavor | Version | Tinstall | Tcheck | Ttotal | Status | Flags |
---|---|---|---|---|---|---|
r-devel-linux-x86_64-debian-clang | 0.50.13 | 12.77 | 157.51 | 170.28 | OK | |
r-devel-linux-x86_64-debian-gcc | 0.50.13 | 10.19 | 119.89 | 130.08 | OK | |
r-devel-linux-x86_64-fedora-clang | 0.50.13 | 207.40 | NOTE | |||
r-devel-linux-x86_64-fedora-gcc | 0.50.13 | 212.72 | NOTE | |||
r-devel-windows-x86_64 | 0.50.13 | 12.00 | 149.00 | 161.00 | OK | |
r-patched-linux-x86_64 | 0.50.13 | 8.87 | 153.74 | 162.61 | OK | |
r-release-linux-x86_64 | 0.50.13 | 7.98 | 153.83 | 161.81 | OK | |
r-release-macos-arm64 | 0.50.13 | 74.00 | OK | |||
r-release-macos-x86_64 | 0.50.13 | 112.00 | OK | |||
r-release-windows-x86_64 | 0.50.13 | 17.00 | 172.00 | 189.00 | OK | |
r-oldrel-macos-arm64 | 0.50.13 | 80.00 | OK | |||
r-oldrel-macos-x86_64 | 0.50.13 | 93.00 | OK | |||
r-oldrel-windows-x86_64 | 0.50.13 | 14.00 | 175.00 | 189.00 | OK |
Version: 0.50.13
Check: data for non-ASCII characters
Result: NOTE
Note: found 1 marked UTF-8 string
Flavors: r-devel-linux-x86_64-fedora-clang, r-devel-linux-x86_64-fedora-gcc