Last updated on 2024-04-23 07:51:23 CEST.
Flavor | Version | Tinstall | Tcheck | Ttotal | Status | Flags |
---|---|---|---|---|---|---|
r-devel-linux-x86_64-debian-clang | 1.0.91 | 162.07 | 177.23 | 339.30 | NOTE | |
r-devel-linux-x86_64-debian-gcc | 1.0.91 | 148.81 | 138.75 | 287.56 | NOTE | |
r-devel-linux-x86_64-fedora-clang | 1.0.91 | 426.70 | NOTE | |||
r-devel-linux-x86_64-fedora-gcc | 1.0.91 | 493.08 | NOTE | |||
r-prerel-macos-arm64 | 1.0.91 | 105.00 | NOTE | |||
r-prerel-windows-x86_64 | 1.0.91 | 133.00 | 154.00 | 287.00 | NOTE | |
r-patched-linux-x86_64 | 1.0.91 | 129.80 | 184.24 | 314.04 | NOTE | |
r-release-linux-x86_64 | 1.0.91 | 139.32 | 186.75 | 326.07 | NOTE | |
r-release-macos-arm64 | 1.0.91 | 84.00 | NOTE | |||
r-release-macos-x86_64 | 1.0.91 | 214.00 | NOTE | |||
r-release-windows-x86_64 | 1.0.91 | 165.00 | 235.00 | 400.00 | NOTE | |
r-oldrel-macos-arm64 | 1.0.91 | 83.00 | NOTE | |||
r-oldrel-windows-x86_64 | 1.0.91 | 152.00 | 178.00 | 330.00 | NOTE |
Version: 1.0.91
Check: for GNU extensions in Makefiles
Result: NOTE
GNU make is a SystemRequirements.
Flavors: r-devel-linux-x86_64-debian-clang, r-devel-linux-x86_64-debian-gcc, r-devel-linux-x86_64-fedora-clang, r-devel-linux-x86_64-fedora-gcc, r-prerel-macos-arm64, r-prerel-windows-x86_64, r-patched-linux-x86_64, r-release-linux-x86_64, r-release-macos-arm64, r-release-macos-x86_64, r-release-windows-x86_64, r-oldrel-macos-arm64, r-oldrel-windows-x86_64
Version: 1.0.91
Check: installed package size
Result: NOTE
installed size is 47.0Mb
sub-directories of 1Mb or more:
libs 46.7Mb
Flavors: r-prerel-macos-arm64, r-release-macos-arm64, r-release-macos-x86_64, r-oldrel-macos-arm64