CRAN Package Check Results for Package tm.plugin.alceste

Last updated on 2023-12-06 07:50:32 CET.

Flavor Version Tinstall Tcheck Ttotal Status Flags
r-devel-linux-x86_64-debian-clang 1.1 2.83 27.91 30.74 NOTE
r-devel-linux-x86_64-debian-gcc 1.1 2.37 25.08 27.45 NOTE
r-devel-linux-x86_64-fedora-clang 1.1 40.11 NOTE
r-devel-linux-x86_64-fedora-gcc 1.1 37.80 NOTE
r-devel-windows-x86_64 1.1 4.00 45.00 49.00 NOTE
r-patched-linux-x86_64 1.1 4.01 27.64 31.65 OK
r-release-linux-x86_64 1.1 2.43 27.23 29.66 OK
r-release-macos-arm64 1.1 19.00 OK
r-release-macos-x86_64 1.1 24.00 OK
r-release-windows-x86_64 1.1 3.00 47.00 50.00 OK
r-oldrel-macos-arm64 1.1 19.00 OK
r-oldrel-macos-x86_64 1.1 23.00 OK
r-oldrel-windows-x86_64 1.1 4.00 48.00 52.00 OK

Check Details

Version: 1.1
Check: Rd metadata
Result: NOTE Invalid package aliases in Rd file 'tm.plugin.alceste-package.Rd': ‘tm.plugin.europresse-package’ Flavors: r-devel-linux-x86_64-debian-clang, r-devel-linux-x86_64-debian-gcc, r-devel-linux-x86_64-fedora-clang, r-devel-linux-x86_64-fedora-gcc, r-devel-windows-x86_64