Last updated on 2023-05-29 20:00:38 CEST.
Flavor | Version | Tinstall | Tcheck | Ttotal | Status | Flags |
---|---|---|---|---|---|---|
r-devel-linux-x86_64-debian-clang | 1.1.2 | 235.58 | 43.29 | 278.87 | NOTE | |
r-devel-linux-x86_64-debian-gcc | 1.1.2 | 167.58 | 35.14 | 202.72 | NOTE | |
r-devel-linux-x86_64-fedora-clang | 1.1.2 | 455.40 | NOTE | |||
r-devel-linux-x86_64-fedora-gcc | 1.1.2 | 411.96 | NOTE | |||
r-devel-windows-x86_64 | 1.1.2 | 175.00 | 77.00 | 252.00 | NOTE | |
r-patched-linux-x86_64 | 1.1.2 | 179.43 | 44.80 | 224.23 | NOTE | |
r-release-linux-x86_64 | 1.1.2 | 170.73 | 44.23 | 214.96 | NOTE | |
r-release-macos-arm64 | 1.1.2 | 112.00 | NOTE | |||
r-release-macos-x86_64 | 1.1.2 | 168.00 | NOTE | |||
r-release-windows-x86_64 | 1.1.2 | 236.00 | 89.00 | 325.00 | NOTE | |
r-oldrel-macos-arm64 | 1.1.2 | 98.00 | NOTE | |||
r-oldrel-macos-x86_64 | 1.1.2 | 114.00 | NOTE | |||
r-oldrel-windows-x86_64 | 1.1.2 | 220.00 | 90.00 | 310.00 | OK |
Version: 1.1.2
Check: C++ specification
Result: NOTE
Specified C++14: please drop specification unless essential
Flavors: r-devel-linux-x86_64-debian-clang, r-devel-linux-x86_64-debian-gcc, r-devel-linux-x86_64-fedora-clang, r-devel-linux-x86_64-fedora-gcc, r-devel-windows-x86_64, r-patched-linux-x86_64, r-release-linux-x86_64, r-release-macos-arm64, r-release-macos-x86_64, r-release-windows-x86_64
Version: 1.1.2
Check: installed package size
Result: NOTE
installed size is 10.5Mb
sub-directories of 1Mb or more:
libs 10.4Mb
Flavors: r-release-macos-arm64, r-release-macos-x86_64, r-oldrel-macos-arm64, r-oldrel-macos-x86_64