Last updated on 2024-03-28 07:53:06 CET.
Flavor | Version | Tinstall | Tcheck | Ttotal | Status | Flags |
---|---|---|---|---|---|---|
r-devel-linux-x86_64-debian-clang | 1.0.1 | 60.93 | 109.68 | 170.61 | OK | |
r-devel-linux-x86_64-debian-gcc | 1.0.1 | 48.99 | 84.57 | 133.56 | OK | |
r-devel-linux-x86_64-fedora-clang | 1.0.1 | 222.96 | OK | |||
r-devel-linux-x86_64-fedora-gcc | 1.0.1 | 243.16 | OK | |||
r-devel-windows-x86_64 | 1.0.1 | 45.00 | 124.00 | 169.00 | OK | |
r-patched-linux-x86_64 | 1.0.1 | 55.71 | 108.61 | 164.32 | OK | |
r-release-linux-x86_64 | 1.0.1 | 55.64 | 103.24 | 158.88 | OK | |
r-release-macos-arm64 | 1.0.1 | 84.00 | NOTE | |||
r-release-macos-x86_64 | 1.0.1 | 179.00 | NOTE | |||
r-release-windows-x86_64 | 1.0.1 | 58.00 | 156.00 | 214.00 | OK | |
r-oldrel-macos-arm64 | 1.0.1 | 81.00 | NOTE | |||
r-oldrel-windows-x86_64 | 1.0.1 | 55.00 | 149.00 | 204.00 | OK |
Version: 1.0.1
Check: installed package size
Result: NOTE
installed size is 7.3Mb
sub-directories of 1Mb or more:
doc 2.2Mb
libs 4.7Mb
Flavors: r-release-macos-arm64, r-release-macos-x86_64, r-oldrel-macos-arm64