Last updated on 2024-03-28 19:48:48 CET.
Flavor | Version | Tinstall | Tcheck | Ttotal | Status | Flags |
---|---|---|---|---|---|---|
r-devel-linux-x86_64-debian-clang | 0.1-12 | 6.42 | 21.81 | 28.23 | OK | |
r-devel-linux-x86_64-debian-gcc | 0.1-12 | 4.12 | 17.27 | 21.39 | OK | |
r-devel-linux-x86_64-fedora-clang | 0.1-12 | 36.50 | OK | |||
r-devel-linux-x86_64-fedora-gcc | 0.1-12 | 36.54 | OK | |||
r-devel-windows-x86_64 | 0.1-12 | 8.00 | 48.00 | 56.00 | OK | |
r-patched-linux-x86_64 | 0.1-12 | 5.80 | 21.50 | 27.30 | OK | |
r-release-linux-x86_64 | 0.1-12 | 5.44 | 21.88 | 27.32 | OK | |
r-release-macos-arm64 | 0.1-12 | 25.00 | NOTE | |||
r-release-macos-x86_64 | 0.1-12 | 48.00 | NOTE | |||
r-release-windows-x86_64 | 0.1-12 | 10.00 | 52.00 | 62.00 | OK | |
r-oldrel-macos-arm64 | 0.1-12 | 31.00 | NOTE | |||
r-oldrel-windows-x86_64 | 0.1-12 | 8.00 | 48.00 | 56.00 | OK |
Version: 0.1-12
Check: installed package size
Result: NOTE
installed size is 5.4Mb
sub-directories of 1Mb or more:
libs 5.3Mb
Flavors: r-release-macos-arm64, r-release-macos-x86_64, r-oldrel-macos-arm64