Last updated on 2024-04-23 19:51:02 CEST.
Flavor | Version | Tinstall | Tcheck | Ttotal | Status | Flags |
---|---|---|---|---|---|---|
r-devel-linux-x86_64-debian-clang | 0.5.8 | 9.64 | 126.73 | 136.37 | OK | |
r-devel-linux-x86_64-debian-gcc | 0.5.8 | 5.39 | 92.04 | 97.43 | OK | |
r-devel-linux-x86_64-fedora-clang | 0.5.8 | 168.00 | NOTE | |||
r-devel-linux-x86_64-fedora-gcc | 0.5.8 | 150.76 | NOTE | |||
r-prerel-macos-arm64 | 0.5.8 | 71.00 | OK | |||
r-prerel-macos-x86_64 | 0.5.8 | 158.00 | OK | |||
r-prerel-windows-x86_64 | 0.5.8 | 9.00 | 141.00 | 150.00 | OK | |
r-patched-linux-x86_64 | 0.5.8 | 7.07 | 120.95 | 128.02 | OK | |
r-release-linux-x86_64 | 0.5.8 | 7.30 | 117.54 | 124.84 | OK | |
r-release-macos-arm64 | 0.5.8 | 69.00 | OK | |||
r-release-macos-x86_64 | 0.5.8 | 147.00 | OK | |||
r-release-windows-x86_64 | 0.5.8 | 12.00 | 164.00 | 176.00 | OK | |
r-oldrel-macos-arm64 | 0.5.8 | 61.00 | OK | |||
r-oldrel-windows-x86_64 | 0.5.8 | 12.00 | 144.00 | 156.00 | OK |
Version: 0.5.8
Check: data for non-ASCII characters
Result: NOTE
Note: found 4581 marked UTF-8 strings
Flavors: r-devel-linux-x86_64-fedora-clang, r-devel-linux-x86_64-fedora-gcc