Last updated on 2023-09-24 08:58:32 CEST.
Flavor | Version | Tinstall | Tcheck | Ttotal | Status | Flags |
---|---|---|---|---|---|---|
r-devel-linux-x86_64-debian-clang | 0.1.5 | 6.58 | 97.37 | 103.95 | NOTE | |
r-devel-linux-x86_64-debian-gcc | 0.1.5 | 5.91 | 74.29 | 80.20 | NOTE | |
r-devel-linux-x86_64-fedora-clang | 0.1.5 | 127.70 | NOTE | |||
r-devel-linux-x86_64-fedora-gcc | 0.1.5 | 138.14 | NOTE | |||
r-devel-windows-x86_64 | 0.1.5 | 8.00 | 99.00 | 107.00 | NOTE | |
r-patched-linux-x86_64 | 0.1.5 | 6.84 | 94.08 | 100.92 | NOTE | |
r-release-linux-x86_64 | 0.1.5 | 7.24 | 94.29 | 101.53 | NOTE | |
r-release-macos-arm64 | 0.1.5 | 48.00 | NOTE | |||
r-release-macos-x86_64 | 0.1.5 | 79.00 | NOTE | |||
r-release-windows-x86_64 | 0.1.5 | 10.00 | 113.00 | 123.00 | NOTE | |
r-oldrel-macos-arm64 | 0.1.5 | 35.00 | NOTE | |||
r-oldrel-macos-x86_64 | 0.1.5 | 52.00 | NOTE | |||
r-oldrel-windows-x86_64 | 0.1.5 | 10.00 | 109.00 | 119.00 | NOTE |
Version: 0.1.5
Check: LazyData
Result: NOTE
'LazyData' is specified without a 'data' directory
Flavors: r-devel-linux-x86_64-debian-clang, r-devel-linux-x86_64-debian-gcc, r-devel-linux-x86_64-fedora-clang, r-devel-linux-x86_64-fedora-gcc, r-devel-windows-x86_64, r-patched-linux-x86_64, r-release-linux-x86_64, r-release-macos-arm64, r-release-macos-x86_64, r-release-windows-x86_64, r-oldrel-macos-arm64, r-oldrel-macos-x86_64, r-oldrel-windows-x86_64