CRAN Package Check Results for Package tidyhte

Last updated on 2024-04-15 19:56:13 CEST.

Flavor Version Tinstall Tcheck Ttotal Status Flags
r-devel-linux-x86_64-debian-clang 1.0.2 18.89 673.04 691.93 OK
r-devel-linux-x86_64-debian-gcc 1.0.2 19.81 460.70 480.51 OK
r-devel-linux-x86_64-fedora-clang 1.0.2 812.14 OK
r-devel-linux-x86_64-fedora-gcc 1.0.2 809.63 OK
r-prerel-macos-arm64 1.0.2 193.00 OK
r-prerel-windows-x86_64 1.0.2 20.00 412.00 432.00 OK
r-patched-linux-x86_64 1.0.2 26.58 598.84 625.42 OK
r-release-linux-x86_64 1.0.2 17.49 601.72 619.21 OK
r-release-macos-arm64 1.0.2 205.00 OK
r-release-macos-x86_64 1.0.2 535.00 NOTE
r-release-windows-x86_64 1.0.2 25.00 585.00 610.00 OK
r-oldrel-macos-arm64 1.0.2 186.00 OK
r-oldrel-windows-x86_64 1.0.2 27.00 566.00 593.00 OK

Check Details

Version: 1.0.2
Check: package dependencies
Result: NOTE Package suggested but not available for checking: ‘ggplot2’ Flavor: r-release-macos-x86_64