Last updated on 2023-12-03 07:52:14 CET.
Flavor | Version | Tinstall | Tcheck | Ttotal | Status | Flags |
---|---|---|---|---|---|---|
r-devel-linux-x86_64-debian-clang | 0.5.7 | 5.92 | 68.80 | 74.72 | OK | |
r-devel-linux-x86_64-debian-gcc | 0.5.7 | 5.08 | 50.91 | 55.99 | OK | |
r-devel-linux-x86_64-fedora-clang | 0.5.7 | 85.29 | NOTE | |||
r-devel-linux-x86_64-fedora-gcc | 0.5.7 | 92.20 | OK | |||
r-devel-windows-x86_64 | 0.5.7 | 7.00 | 82.00 | 89.00 | OK | |
r-patched-linux-x86_64 | 0.5.7 | 6.39 | 62.19 | 68.58 | OK | |
r-release-linux-x86_64 | 0.5.7 | 5.83 | 63.47 | 69.30 | OK | |
r-release-macos-arm64 | 0.5.7 | 41.00 | OK | |||
r-release-macos-x86_64 | 0.5.7 | 56.00 | OK | |||
r-release-windows-x86_64 | 0.5.7 | 8.00 | 83.00 | 91.00 | OK | |
r-oldrel-macos-arm64 | 0.5.7 | 86.00 | OK | |||
r-oldrel-macos-x86_64 | 0.5.7 | 127.00 | OK | |||
r-oldrel-windows-x86_64 | 0.5.7 | 8.00 | 82.00 | 90.00 | OK |
Version: 0.5.7
Check: Rd cross-references
Result: NOTE
Undeclared packages ‘tidyfst’, ‘tidyr’, ‘fastDummies’ in Rd xrefs
Flavor: r-devel-linux-x86_64-fedora-clang