CRAN Package Check Results for Package tidyfst

Last updated on 2023-12-07 06:52:02 CET.

Flavor Version Tinstall Tcheck Ttotal Status Flags
r-devel-linux-x86_64-debian-clang 1.7.7 7.35 133.31 140.66 OK
r-devel-linux-x86_64-debian-gcc 1.7.7 5.20 94.48 99.68 OK
r-devel-linux-x86_64-fedora-clang 1.7.7 137.54 NOTE
r-devel-linux-x86_64-fedora-gcc 1.7.7 138.59 OK
r-devel-windows-x86_64 1.7.7 7.00 119.00 126.00 OK
r-patched-linux-x86_64 1.7.7 10.82 122.32 133.14 OK
r-release-linux-x86_64 1.7.7 6.82 121.90 128.72 OK
r-release-macos-arm64 1.7.7 57.00 OK
r-release-macos-x86_64 1.7.7 126.00 OK
r-release-windows-x86_64 1.7.7 10.00 141.00 151.00 OK
r-oldrel-macos-arm64 1.7.7 49.00 OK
r-oldrel-macos-x86_64 1.7.7 66.00 OK
r-oldrel-windows-x86_64 1.7.7 9.00 136.00 145.00 OK

Check Details

Version: 1.7.7
Check: Rd cross-references
Result: NOTE Undeclared packages ‘fastDummies’, ‘widyr’, ‘pacman’, ‘sjmisc’ in Rd xrefs Flavor: r-devel-linux-x86_64-fedora-clang