CRAN Package Check Results for Package tidyfast

Last updated on 2023-06-09 19:56:38 CEST.

Flavor Version Tinstall Tcheck Ttotal Status Flags
r-devel-linux-x86_64-debian-clang 0.2.1 18.69 51.69 70.38 NOTE
r-devel-linux-x86_64-debian-gcc 0.2.1 14.41 37.63 52.04 NOTE
r-devel-linux-x86_64-fedora-clang 0.2.1 99.29 NOTE
r-devel-linux-x86_64-fedora-gcc 0.2.1 87.01 NOTE
r-devel-windows-x86_64 0.2.1 18.00 77.00 95.00 NOTE
r-patched-linux-x86_64 0.2.1 15.18 47.33 62.51 NOTE
r-release-linux-x86_64 0.2.1 15.13 48.07 63.20 NOTE
r-release-macos-arm64 0.2.1 29.00 NOTE
r-release-macos-x86_64 0.2.1 47.00 NOTE
r-release-windows-x86_64 0.2.1 19.00 86.00 105.00 NOTE
r-oldrel-macos-arm64 0.2.1 28.00 NOTE
r-oldrel-macos-x86_64 0.2.1 38.00 NOTE
r-oldrel-windows-x86_64 0.2.1 19.00 83.00 102.00 NOTE

Check Details

Version: 0.2.1
Check: LazyData
Result: NOTE
     'LazyData' is specified without a 'data' directory
Flavors: r-devel-linux-x86_64-debian-clang, r-devel-linux-x86_64-debian-gcc, r-devel-linux-x86_64-fedora-clang, r-devel-linux-x86_64-fedora-gcc, r-devel-windows-x86_64, r-patched-linux-x86_64, r-release-linux-x86_64, r-release-macos-arm64, r-release-macos-x86_64, r-release-windows-x86_64, r-oldrel-macos-arm64, r-oldrel-macos-x86_64, r-oldrel-windows-x86_64