Last updated on 2023-09-22 08:56:01 CEST.
Flavor | Version | Tinstall | Tcheck | Ttotal | Status | Flags |
---|---|---|---|---|---|---|
r-devel-linux-x86_64-debian-clang | 0.1.0 | 2.76 | 43.58 | 46.34 | OK | |
r-devel-linux-x86_64-debian-gcc | 0.1.0 | 2.37 | 33.08 | 35.45 | OK | |
r-devel-linux-x86_64-fedora-clang | 0.1.0 | 59.50 | NOTE | |||
r-devel-linux-x86_64-fedora-gcc | 0.1.0 | 69.51 | NOTE | |||
r-devel-windows-x86_64 | 0.1.0 | 5.00 | 64.00 | 69.00 | OK | |
r-patched-linux-x86_64 | 0.1.0 | 2.93 | 41.61 | 44.54 | OK | |
r-release-linux-x86_64 | 0.1.0 | 2.30 | 40.78 | 43.08 | OK | |
r-release-macos-arm64 | 0.1.0 | 32.00 | OK | |||
r-release-macos-x86_64 | 0.1.0 | 44.00 | OK | |||
r-release-windows-x86_64 | 0.1.0 | 5.00 | 63.00 | 68.00 | OK | |
r-oldrel-macos-arm64 | 0.1.0 | 22.00 | NOTE | |||
r-oldrel-macos-x86_64 | 0.1.0 | 36.00 | NOTE | |||
r-oldrel-windows-x86_64 | 0.1.0 | 6.00 | 60.00 | 66.00 | OK |
Version: 0.1.0
Check: dependencies in R code
Result: NOTE
Namespaces in Imports field not imported from:
‘badger’ ‘ggplot2’ ‘lubridate’ ‘scales’ ‘xgboost’
All declared Imports should be used.
Flavors: r-devel-linux-x86_64-fedora-clang, r-devel-linux-x86_64-fedora-gcc, r-oldrel-macos-arm64, r-oldrel-macos-x86_64