Last updated on 2023-10-04 20:42:42 CEST.
Flavor | Version | Tinstall | Tcheck | Ttotal | Status | Flags |
---|---|---|---|---|---|---|
r-devel-linux-x86_64-debian-clang | 0.2.4 | 55.31 | 776.62 | 831.93 | OK | |
r-devel-linux-x86_64-debian-gcc | 0.2.4 | 48.64 | 533.29 | 581.93 | OK | |
r-devel-linux-x86_64-fedora-clang | 0.2.4 | 956.66 | OK | |||
r-devel-linux-x86_64-fedora-gcc | 0.2.4 | 923.82 | OK | |||
r-devel-windows-x86_64 | 0.2.4 | 50.00 | 518.00 | 568.00 | OK | |
r-patched-linux-x86_64 | 0.2.4 | 1.08 | 2.19 | 3.27 | ERROR | |
r-release-linux-x86_64 | 0.2.4 | 48.55 | 706.23 | 754.78 | OK | |
r-release-macos-arm64 | 0.2.4 | 141.00 | OK | |||
r-release-macos-x86_64 | 0.2.4 | 326.00 | OK | |||
r-release-windows-x86_64 | 0.2.4 | 65.00 | 661.00 | 726.00 | OK | |
r-oldrel-macos-arm64 | 0.2.4 | 136.00 | OK | |||
r-oldrel-macos-x86_64 | 0.2.4 | 241.00 | OK | |||
r-oldrel-windows-x86_64 | 0.2.4 | 65.00 | 630.00 | 695.00 | OK |
Version: 0.2.4
Check: package dependencies
Result: ERROR
Package required but not available: ‘blavaan’
See section ‘The DESCRIPTION file’ in the ‘Writing R Extensions’
manual.
Flavor: r-patched-linux-x86_64