Last updated on 2024-04-23 19:51:02 CEST.
Flavor | Version | Tinstall | Tcheck | Ttotal | Status | Flags |
---|---|---|---|---|---|---|
r-devel-linux-x86_64-debian-clang | 0.12.5 | 396.40 | 211.75 | 608.15 | NOTE | |
r-devel-linux-x86_64-debian-gcc | 0.12.5 | 333.81 | 176.10 | 509.91 | NOTE | |
r-devel-linux-x86_64-fedora-clang | 0.12.5 | 720.71 | NOTE | |||
r-devel-linux-x86_64-fedora-gcc | 0.12.5 | 930.32 | NOTE | |||
r-prerel-macos-arm64 | 0.12.5 | 184.00 | NOTE | |||
r-prerel-macos-x86_64 | 0.12.5 | 401.00 | NOTE | |||
r-prerel-windows-x86_64 | 0.12.5 | 227.00 | 187.00 | 414.00 | NOTE | |
r-patched-linux-x86_64 | 0.12.4 | 0.02 | 2.48 | 2.50 | ERROR | |
r-release-linux-x86_64 | 0.12.5 | 0.01 | 2.25 | 2.26 | ERROR | |
r-release-macos-arm64 | 0.12.5 | 198.00 | NOTE | |||
r-release-macos-x86_64 | 0.12.5 | 359.00 | NOTE | |||
r-release-windows-x86_64 | 0.12.5 | 233.00 | 201.00 | 434.00 | NOTE | |
r-oldrel-macos-arm64 | 0.12.5 | 182.00 | NOTE | |||
r-oldrel-windows-x86_64 | 0.12.5 | 208.00 | 205.00 | 413.00 | NOTE |
Version: 0.12.5
Check: for GNU extensions in Makefiles
Result: NOTE
GNU make is a SystemRequirements.
Flavors: r-devel-linux-x86_64-debian-clang, r-devel-linux-x86_64-debian-gcc, r-devel-linux-x86_64-fedora-clang, r-devel-linux-x86_64-fedora-gcc, r-prerel-macos-arm64, r-prerel-macos-x86_64, r-prerel-windows-x86_64, r-release-macos-arm64, r-release-macos-x86_64, r-release-windows-x86_64, r-oldrel-macos-arm64, r-oldrel-windows-x86_64
Version: 0.12.5
Check: installed package size
Result: NOTE
installed size is 84.3Mb
sub-directories of 1Mb or more:
libs 83.8Mb
Flavors: r-prerel-macos-arm64, r-prerel-macos-x86_64, r-release-macos-arm64, r-release-macos-x86_64, r-oldrel-macos-arm64
Version: 0.12.4
Check: whether package can be installed
Result: ERROR
Installation failed.
Flavor: r-patched-linux-x86_64
Version: 0.12.5
Check: whether package can be installed
Result: ERROR
Installation failed.
Flavor: r-release-linux-x86_64