CRAN Package Check Results for Package threejs

Last updated on 2024-06-19 19:57:13 CEST.

Flavor Version Tinstall Tcheck Ttotal Status Flags
r-devel-linux-x86_64-debian-clang 0.3.3 5.02 47.78 52.80 NOTE
r-devel-linux-x86_64-debian-gcc 0.3.3 4.39 35.86 40.25 NOTE
r-devel-linux-x86_64-fedora-clang 0.3.3 65.70 NOTE
r-devel-linux-x86_64-fedora-gcc 0.3.3 61.73 NOTE
r-devel-windows-x86_64 0.3.3 6.00 62.00 68.00 NOTE
r-patched-linux-x86_64 0.3.3 8.95 44.88 53.83 NOTE
r-release-linux-x86_64 0.3.3 5.36 44.92 50.28 NOTE
r-release-macos-arm64 0.3.3 26.00 NOTE
r-release-macos-x86_64 0.3.3 36.00 NOTE
r-release-windows-x86_64 0.3.3 7.00 66.00 73.00 NOTE
r-oldrel-macos-arm64 0.3.3 26.00 OK
r-oldrel-macos-x86_64 0.3.3 36.00 OK
r-oldrel-windows-x86_64 0.3.3 7.00 69.00 76.00 OK

Check Details

Version: 0.3.3
Check: Rd files
Result: NOTE checkRd: (-1) globejs.Rd:88: Lost braces in \itemize; meant \describe ? checkRd: (-1) globejs.Rd:89: Lost braces in \itemize; meant \describe ? checkRd: (-1) globejs.Rd:90: Lost braces in \itemize; meant \describe ? checkRd: (-1) globejs.Rd:91: Lost braces in \itemize; meant \describe ? checkRd: (-1) globejs.Rd:92: Lost braces in \itemize; meant \describe ? checkRd: (-1) globejs.Rd:93: Lost braces in \itemize; meant \describe ? checkRd: (-1) globejs.Rd:94: Lost braces in \itemize; meant \describe ? checkRd: (-1) globejs.Rd:95-98: Lost braces in \itemize; meant \describe ? checkRd: (-1) graphjs.Rd:139-140: Lost braces in \itemize; meant \describe ? checkRd: (-1) graphjs.Rd:141: Lost braces in \itemize; meant \describe ? checkRd: (-1) graphjs.Rd:142: Lost braces in \itemize; meant \describe ? checkRd: (-1) graphjs.Rd:143: Lost braces in \itemize; meant \describe ? checkRd: (-1) graphjs.Rd:144-145: Lost braces in \itemize; meant \describe ? checkRd: (-1) scatterplot3js.Rd:149: Lost braces in \itemize; meant \describe ? checkRd: (-1) scatterplot3js.Rd:150: Lost braces in \itemize; meant \describe ? checkRd: (-1) scatterplot3js.Rd:151: Lost braces in \itemize; meant \describe ? checkRd: (-1) scatterplot3js.Rd:152: Lost braces in \itemize; meant \describe ? checkRd: (-1) scatterplot3js.Rd:153: Lost braces in \itemize; meant \describe ? checkRd: (-1) scatterplot3js.Rd:154: Lost braces in \itemize; meant \describe ? checkRd: (-1) scatterplot3js.Rd:155: Lost braces in \itemize; meant \describe ? checkRd: (-1) scatterplot3js.Rd:156: Lost braces in \itemize; meant \describe ? checkRd: (-1) scatterplot3js.Rd:157: Lost braces in \itemize; meant \describe ? checkRd: (-1) scatterplot3js.Rd:158: Lost braces in \itemize; meant \describe ? checkRd: (-1) scatterplot3js.Rd:169: Lost braces in \itemize; meant \describe ? checkRd: (-1) scatterplot3js.Rd:170: Lost braces in \itemize; meant \describe ? checkRd: (-1) scatterplot3js.Rd:171: Lost braces in \itemize; meant \describe ? checkRd: (-1) scatterplot3js.Rd:174: Lost braces; missing escapes or markup? 174 | The \code{@} and {.} option exhibit the best performance, consider using | ^ checkRd: (-1) scatterplot3js.Rd:187: Lost braces in \itemize; meant \describe ? checkRd: (-1) scatterplot3js.Rd:188-189: Lost braces in \itemize; meant \describe ? checkRd: (-1) scatterplot3js.Rd:190-191: Lost braces in \itemize; meant \describe ? checkRd: (-1) scatterplot3js.Rd:192: Lost braces in \itemize; meant \describe ? checkRd: (-1) scatterplot3js.Rd:193-194: Lost braces in \itemize; meant \describe ? Flavors: r-devel-linux-x86_64-debian-clang, r-devel-linux-x86_64-debian-gcc, r-devel-linux-x86_64-fedora-clang, r-devel-linux-x86_64-fedora-gcc, r-devel-windows-x86_64, r-patched-linux-x86_64, r-release-linux-x86_64, r-release-macos-arm64, r-release-macos-x86_64, r-release-windows-x86_64