Last updated on 2023-06-06 20:09:57 CEST.
Flavor | Version | Tinstall | Tcheck | Ttotal | Status | Flags |
---|---|---|---|---|---|---|
r-devel-linux-x86_64-debian-clang | 0.3.2 | 226.81 | 74.63 | 301.44 | NOTE | |
r-devel-linux-x86_64-debian-gcc | 0.3.2 | 166.49 | 56.77 | 223.26 | NOTE | |
r-devel-linux-x86_64-fedora-clang | 0.3.2 | 493.18 | NOTE | |||
r-devel-linux-x86_64-fedora-gcc | 0.3.2 | 453.26 | NOTE | |||
r-devel-windows-x86_64 | 0.3.2 | 166.00 | 117.00 | 283.00 | NOTE | |
r-patched-linux-x86_64 | 0.3.2 | 172.35 | 72.03 | 244.38 | NOTE | |
r-release-linux-x86_64 | 0.3.2 | 178.20 | 72.08 | 250.28 | NOTE | |
r-release-macos-arm64 | 0.3.2 | 94.00 | NOTE | |||
r-release-macos-x86_64 | 0.3.2 | 178.00 | NOTE | |||
r-release-windows-x86_64 | 0.3.2 | 211.00 | 126.00 | 337.00 | NOTE | |
r-oldrel-macos-arm64 | 0.3.2 | 93.00 | NOTE | |||
r-oldrel-macos-x86_64 | 0.3.2 | 113.00 | NOTE | |||
r-oldrel-windows-x86_64 | 0.3.2 | 208.00 | 120.00 | 328.00 | OK |
Version: 0.3.2
Check: C++ specification
Result: NOTE
Specified C++11: please drop specification unless essential
Flavors: r-devel-linux-x86_64-debian-clang, r-devel-linux-x86_64-debian-gcc, r-devel-linux-x86_64-fedora-clang, r-devel-linux-x86_64-fedora-gcc, r-devel-windows-x86_64, r-patched-linux-x86_64, r-release-linux-x86_64, r-release-macos-arm64, r-release-macos-x86_64, r-release-windows-x86_64
Version: 0.3.2
Check: installed package size
Result: NOTE
installed size is 7.2Mb
sub-directories of 1Mb or more:
libs 6.4Mb
Flavors: r-release-macos-arm64, r-release-macos-x86_64, r-oldrel-macos-arm64, r-oldrel-macos-x86_64