Last updated on 2023-09-24 08:58:32 CEST.
Flavor | Version | Tinstall | Tcheck | Ttotal | Status | Flags |
---|---|---|---|---|---|---|
r-devel-linux-x86_64-debian-clang | 1.7.3 | 4.14 | 47.69 | 51.83 | NOTE | |
r-devel-linux-x86_64-debian-gcc | 1.7.3 | 2.72 | 35.65 | 38.37 | NOTE | |
r-devel-linux-x86_64-fedora-clang | 1.7.3 | 63.81 | NOTE | |||
r-devel-linux-x86_64-fedora-gcc | 1.7.3 | 61.15 | NOTE | |||
r-devel-windows-x86_64 | 1.7.3 | 5.00 | 63.00 | 68.00 | NOTE | |
r-patched-linux-x86_64 | 1.7.3 | 4.87 | 45.10 | 49.97 | NOTE | |
r-release-linux-x86_64 | 1.7.3 | 3.87 | 45.63 | 49.50 | NOTE | |
r-release-macos-arm64 | 1.7.3 | 27.00 | NOTE | |||
r-release-macos-x86_64 | 1.7.3 | 35.00 | NOTE | |||
r-release-windows-x86_64 | 1.7.3 | 5.00 | 69.00 | 74.00 | NOTE | |
r-oldrel-macos-arm64 | 1.7.3 | 24.00 | OK | |||
r-oldrel-macos-x86_64 | 1.7.3 | 37.00 | NOTE | |||
r-oldrel-windows-x86_64 | 1.7.3 | 10.00 | 69.00 | 79.00 | NOTE |
Version: 1.7.3
Check: Rd cross-references
Result: NOTE
Unknown package ‘textreadr’ in Rd xrefs
Flavors: r-devel-linux-x86_64-debian-clang, r-devel-linux-x86_64-debian-gcc, r-devel-linux-x86_64-fedora-gcc, r-devel-windows-x86_64, r-patched-linux-x86_64, r-release-linux-x86_64, r-release-macos-arm64, r-release-macos-x86_64, r-release-windows-x86_64, r-oldrel-windows-x86_64
Version: 1.7.3
Check: Rd cross-references
Result: NOTE
Undeclared packages ‘tm’, ‘textreadr’ in Rd xrefs
Unknown package ‘textreadr’ in Rd xrefs
Flavor: r-devel-linux-x86_64-fedora-clang
Version: 1.7.3
Check: Rd cross-references
Result: NOTE
Package unavailable to check Rd xrefs: ‘textreadr’
Flavor: r-oldrel-macos-x86_64