CRAN Package Check Results for Package textmineR

Last updated on 2023-06-02 20:56:40 CEST.

Flavor Version Tinstall Tcheck Ttotal Status Flags
r-devel-linux-x86_64-debian-clang 3.0.5 114.91 404.98 519.89 NOTE
r-devel-linux-x86_64-debian-gcc 3.0.5 85.08 293.79 378.87 NOTE
r-devel-linux-x86_64-fedora-clang 3.0.5 688.41 NOTE
r-devel-linux-x86_64-fedora-gcc 3.0.5 717.40 NOTE
r-devel-windows-x86_64 3.0.5 85.00 400.00 485.00 NOTE
r-patched-linux-x86_64 3.0.5 NOTE
r-release-linux-x86_64 3.0.5 93.43 394.25 487.68 NOTE
r-release-macos-arm64 3.0.5 229.00 NOTE
r-release-macos-x86_64 3.0.5 363.00 NOTE
r-release-windows-x86_64 3.0.5 111.00 469.00 580.00 NOTE
r-oldrel-macos-arm64 3.0.5 180.00 NOTE
r-oldrel-macos-x86_64 3.0.5 221.00 NOTE
r-oldrel-windows-x86_64 3.0.5 106.00 478.00 584.00 OK

Check Details

Version: 3.0.5
Check: C++ specification
Result: NOTE
     Specified C++11: please drop specification unless essential
Flavors: r-devel-linux-x86_64-debian-clang, r-devel-linux-x86_64-debian-gcc, r-devel-linux-x86_64-fedora-clang, r-devel-linux-x86_64-fedora-gcc, r-devel-windows-x86_64, r-patched-linux-x86_64, r-release-linux-x86_64, r-release-macos-arm64, r-release-macos-x86_64, r-release-windows-x86_64

Version: 3.0.5
Check: Rd cross-references
Result: NOTE
    Undeclared package ‘tm’ in Rd xrefs
Flavor: r-devel-linux-x86_64-fedora-clang

Version: 3.0.5
Check: installed package size
Result: NOTE
     installed size is 5.4Mb
     sub-directories of 1Mb or more:
     libs 3.5Mb
Flavors: r-release-macos-arm64, r-release-macos-x86_64, r-oldrel-macos-arm64, r-oldrel-macos-x86_64