Last updated on 2024-03-29 07:54:59 CET.
Flavor | Version | Tinstall | Tcheck | Ttotal | Status | Flags |
---|---|---|---|---|---|---|
r-devel-linux-x86_64-debian-clang | 1.39.3 | 15.20 | 173.67 | 188.87 | NOTE | |
r-devel-linux-x86_64-debian-gcc | 1.39.3 | 14.94 | 122.27 | 137.21 | NOTE | |
r-devel-linux-x86_64-fedora-clang | 1.39.3 | 242.28 | NOTE | |||
r-devel-linux-x86_64-fedora-gcc | 1.39.3 | 249.29 | NOTE | |||
r-devel-windows-x86_64 | 1.39.3 | 18.00 | 167.00 | 185.00 | NOTE | |
r-patched-linux-x86_64 | 1.39.3 | 29.95 | 162.12 | 192.07 | NOTE | |
r-release-linux-x86_64 | 1.39.3 | 20.99 | 164.98 | 185.97 | NOTE | |
r-release-macos-arm64 | 1.39.3 | 79.00 | NOTE | |||
r-release-macos-x86_64 | 1.39.3 | 166.00 | NOTE | |||
r-release-windows-x86_64 | 1.39.3 | 22.00 | 197.00 | 219.00 | NOTE | |
r-oldrel-macos-arm64 | 1.39.3 | 78.00 | NOTE | |||
r-oldrel-windows-x86_64 | 1.39.3 | 26.00 | 169.00 | 195.00 | NOTE |
Version: 1.39.3
Check: package dependencies
Result: NOTE
Packages which this enhances but not available for checking:
'mnlogit', 'Zelig'
Flavors: r-devel-linux-x86_64-debian-clang, r-devel-linux-x86_64-debian-gcc, r-devel-linux-x86_64-fedora-clang, r-devel-linux-x86_64-fedora-gcc, r-devel-windows-x86_64, r-patched-linux-x86_64, r-release-linux-x86_64, r-release-macos-arm64, r-release-macos-x86_64, r-release-windows-x86_64, r-oldrel-windows-x86_64
Version: 1.39.3
Check: package dependencies
Result: NOTE
Package which this enhances but not available for checking: ‘mnlogit’
Flavor: r-oldrel-macos-arm64