Last updated on 2024-04-24 07:57:56 CEST.
Flavor | Version | Tinstall | Tcheck | Ttotal | Status | Flags |
---|---|---|---|---|---|---|
r-devel-linux-x86_64-debian-clang | 0.2.0 | 70.18 | 80.89 | 151.07 | OK | |
r-devel-linux-x86_64-debian-gcc | 0.2.0 | 50.36 | 58.45 | 108.81 | OK | |
r-devel-linux-x86_64-fedora-clang | 0.2.0 | 207.00 | NOTE | |||
r-devel-linux-x86_64-fedora-gcc | 0.2.0 | 201.65 | NOTE | |||
r-prerel-macos-arm64 | 0.2.0 | 45.00 | OK | |||
r-prerel-windows-x86_64 | 0.2.0 | 49.00 | 94.00 | 143.00 | OK | |
r-patched-linux-x86_64 | 0.2.0 | 46.42 | 75.13 | 121.55 | OK | |
r-release-linux-x86_64 | 0.2.0 | 42.63 | 75.25 | 117.88 | OK | |
r-release-macos-arm64 | 0.2.0 | 52.00 | OK | |||
r-release-macos-x86_64 | 0.2.0 | 80.00 | OK | |||
r-release-windows-x86_64 | 0.2.0 | 63.00 | 113.00 | 176.00 | OK | |
r-oldrel-macos-arm64 | 0.2.0 | 64.00 | OK | |||
r-oldrel-windows-x86_64 | 0.2.0 | 60.00 | 106.00 | 166.00 | OK |
Version: 0.2.0
Check: compiled code
Result: NOTE
File ‘testforDEP/libs/testforDEP.so’:
Found no calls to: ‘R_registerRoutines’, ‘R_useDynamicSymbols’
It is good practice to register native routines and to disable symbol
search.
See ‘Writing portable packages’ in the ‘Writing R Extensions’ manual.
Flavors: r-devel-linux-x86_64-fedora-clang, r-devel-linux-x86_64-fedora-gcc