CRAN Package Check Results for Package terrainr

Last updated on 2023-10-04 08:01:52 CEST.

Flavor Version Tinstall Tcheck Ttotal Status Flags
r-devel-linux-x86_64-debian-clang 0.7.4 6.37 103.51 109.88 OK
r-devel-linux-x86_64-debian-gcc 0.7.4 5.24 76.63 81.87 OK
r-devel-linux-x86_64-fedora-clang 0.7.4 141.30 ERROR
r-devel-linux-x86_64-fedora-gcc 0.7.4 140.13 OK
r-devel-windows-x86_64 0.7.4 8.00 89.00 97.00 OK
r-patched-linux-x86_64 0.7.4 12.99 96.09 109.08 OK
r-release-linux-x86_64 0.7.4 6.53 96.62 103.15 OK
r-release-macos-arm64 0.7.4 49.00 OK
r-release-macos-x86_64 0.7.4 74.00 OK
r-release-windows-x86_64 0.7.4 9.00 102.00 111.00 OK
r-oldrel-macos-arm64 0.7.4 35.00 OK
r-oldrel-macos-x86_64 0.7.4 54.00 OK
r-oldrel-windows-x86_64 0.7.4 10.00 106.00 116.00 OK

Check Details

Version: 0.7.4
Check: tests
Result: ERROR
     Running ‘testthat.R’ [55s/125s]
    Running the tests in ‘tests/testthat.R’ failed.
    Complete output:
     > library(testthat)
     > library(terrainr)
     >
     > test_check("terrainr")
     Starting 2 test processes
     [ FAIL 1 | WARN 0 | SKIP 24 | PASS 22 ]
    
     ══ Skipped tests (24) ══════════════════════════════════════════════════════════
     • On CRAN (24): 'test-2-get_tiles_3dep.R:2:3', 'test-2-get_tiles_3dep.R:58:3',
     'test-2-get_tiles_USGSHydroCached.R:3:3',
     'test-2-get_tiles_USGSImageryOnly.R:3:3',
     'test-2-get_tiles_USGSShadedReliefOnly.R:3:3',
     'test-2-get_tiles_USGSTNMBlank.R:3:3', 'test-2-get_tiles_USGSTopo.R:3:3',
     'test-2-get_tiles_ecosystems.R:2:3', 'test-2-get_tiles_geonames.R:2:3',
     'test-2-get_tiles_govunits.R:2:3', 'test-2-get_tiles_nhd.R:2:3',
     'test-2-get_tiles_transportation.R:2:3', 'test-2-get_tiles_wbd.R:2:3',
     'test-3-hit_api.R:2:3', 'test-4-merge_rasters.R:2:3',
     'test-4-merge_rasters.R:45:3', 'test-4-merge_rasters.R:91:3',
     'test-add_bbox_buffer.R:9:3', 'test-geom_spatial_rgb.R:2:3',
     'test-1-make_manifest.R:9:3', 'test-vector_to_overlay.R:17:3',
     'test-get_tiles.R:15:3', 'test-get_tiles.R:28:3', 'test-get_tiles.R:60:3'
    
     ══ Failed tests ════════════════════════════════════════════════════════════════
     ── Error ('test-get_tiles.R:5:3'): SpatRast method is consistent ───────────────
     Error in `hit_national_map_api(current_bbox, current_box[["img_width"]],
     current_box[["img_height"]], services[[k]], verbose = verbose,
     ...)`: Map server returned error code 504
     Backtrace:
     ▆
     1. ├─terrainr::get_tiles(tmp_raster, bboxSR = 4326, imageSR = 4326) at test-get_tiles.R:5:2
     2. └─terrainr:::get_tiles.SpatRaster(tmp_raster, bboxSR = 4326, imageSR = 4326)
     3. └─terrainr:::get_tiles_internal(...)
     4. └─terrainr::hit_national_map_api(...)
    
     [ FAIL 1 | WARN 0 | SKIP 24 | PASS 22 ]
     Error: Test failures
     Execution halted
Flavor: r-devel-linux-x86_64-fedora-clang