CRAN Package Check Results for Package terrainmeshr

Last updated on 2023-05-29 20:00:37 CEST.

Flavor Version Tinstall Tcheck Ttotal Status Flags
r-devel-linux-x86_64-debian-clang 0.1.0 36.83 27.12 63.95 NOTE
r-devel-linux-x86_64-debian-gcc 0.1.0 24.81 21.47 46.28 NOTE
r-devel-linux-x86_64-fedora-clang 0.1.0 96.52 NOTE
r-devel-linux-x86_64-fedora-gcc 0.1.0 84.92 NOTE
r-devel-windows-x86_64 0.1.0 23.00 61.00 84.00 NOTE
r-patched-linux-x86_64 0.1.0 27.26 26.55 53.81 NOTE
r-release-linux-x86_64 0.1.0 28.78 26.47 55.25 NOTE
r-release-macos-arm64 0.1.0 24.00 NOTE
r-release-macos-x86_64 0.1.0 41.00 NOTE
r-release-windows-x86_64 0.1.0 35.00 68.00 103.00 NOTE
r-oldrel-macos-arm64 0.1.0 24.00 NOTE
r-oldrel-macos-x86_64 0.1.0 34.00 NOTE
r-oldrel-windows-x86_64 0.1.0 34.00 68.00 102.00 NOTE

Check Details

Version: 0.1.0
Check: C++ specification
Result: NOTE
     Specified C++11: please drop specification unless essential
Flavors: r-devel-linux-x86_64-debian-clang, r-devel-linux-x86_64-debian-gcc, r-devel-linux-x86_64-fedora-clang, r-devel-linux-x86_64-fedora-gcc, r-devel-windows-x86_64, r-patched-linux-x86_64, r-release-linux-x86_64, r-release-macos-arm64, r-release-macos-x86_64, r-release-windows-x86_64

Version: 0.1.0
Check: LazyData
Result: NOTE
     'LazyData' is specified without a 'data' directory
Flavors: r-devel-linux-x86_64-debian-clang, r-devel-linux-x86_64-debian-gcc, r-devel-linux-x86_64-fedora-clang, r-devel-linux-x86_64-fedora-gcc, r-devel-windows-x86_64, r-patched-linux-x86_64, r-release-linux-x86_64, r-release-macos-arm64, r-release-macos-x86_64, r-release-windows-x86_64, r-oldrel-macos-arm64, r-oldrel-macos-x86_64, r-oldrel-windows-x86_64