Last updated on 2024-03-28 19:48:47 CET.
Flavor | Version | Tinstall | Tcheck | Ttotal | Status | Flags |
---|---|---|---|---|---|---|
r-devel-linux-x86_64-debian-clang | 0.1.0 | 37.92 | 27.51 | 65.43 | NOTE | |
r-devel-linux-x86_64-debian-gcc | 0.1.0 | 27.82 | 21.68 | 49.50 | NOTE | |
r-devel-linux-x86_64-fedora-clang | 0.1.0 | 97.87 | NOTE | |||
r-devel-linux-x86_64-fedora-gcc | 0.1.0 | 86.79 | NOTE | |||
r-devel-windows-x86_64 | 0.1.0 | 29.00 | 61.00 | 90.00 | NOTE | |
r-patched-linux-x86_64 | 0.1.0 | 33.52 | 27.55 | 61.07 | NOTE | |
r-release-linux-x86_64 | 0.1.0 | 32.97 | 26.98 | 59.95 | NOTE | |
r-release-macos-arm64 | 0.1.0 | 24.00 | NOTE | |||
r-release-macos-x86_64 | 0.1.0 | 41.00 | NOTE | |||
r-release-windows-x86_64 | 0.1.0 | 28.00 | 71.00 | 99.00 | NOTE | |
r-oldrel-macos-arm64 | 0.1.0 | 24.00 | NOTE | |||
r-oldrel-windows-x86_64 | 0.1.0 | 36.00 | 61.00 | 97.00 | NOTE |
Version: 0.1.0
Check: C++ specification
Result: NOTE
Specified C++11: please drop specification unless essential
Flavors: r-devel-linux-x86_64-debian-clang, r-devel-linux-x86_64-debian-gcc, r-devel-linux-x86_64-fedora-clang, r-devel-linux-x86_64-fedora-gcc, r-devel-windows-x86_64, r-patched-linux-x86_64, r-release-linux-x86_64, r-release-macos-arm64, r-release-macos-x86_64, r-release-windows-x86_64
Version: 0.1.0
Check: LazyData
Result: NOTE
'LazyData' is specified without a 'data' directory
Flavors: r-devel-linux-x86_64-debian-clang, r-devel-linux-x86_64-debian-gcc, r-devel-linux-x86_64-fedora-clang, r-devel-linux-x86_64-fedora-gcc, r-devel-windows-x86_64, r-patched-linux-x86_64, r-release-linux-x86_64, r-release-macos-arm64, r-release-macos-x86_64, r-release-windows-x86_64, r-oldrel-macos-arm64, r-oldrel-windows-x86_64