CRAN Package Check Results for Package tensorr

Last updated on 2023-10-03 08:05:06 CEST.

Flavor Version Tinstall Tcheck Ttotal Status Flags
r-devel-linux-x86_64-debian-clang 0.1.1 15.33 110.67 126.00 NOTE
r-devel-linux-x86_64-debian-gcc 0.1.1 11.95 84.06 96.01 NOTE
r-devel-linux-x86_64-fedora-clang 0.1.1 154.20 NOTE
r-devel-linux-x86_64-fedora-gcc 0.1.1 165.98 NOTE
r-devel-windows-x86_64 0.1.1 16.00 103.00 119.00 NOTE
r-patched-linux-x86_64 0.1.1 19.77 105.64 125.41 NOTE
r-release-linux-x86_64 0.1.1 15.98 107.52 123.50 NOTE
r-release-macos-arm64 0.1.1 51.00 NOTE
r-release-macos-x86_64 0.1.1 85.00 NOTE
r-release-windows-x86_64 0.1.1 19.00 120.00 139.00 NOTE
r-oldrel-macos-arm64 0.1.1 39.00 NOTE
r-oldrel-macos-x86_64 0.1.1 59.00 NOTE
r-oldrel-windows-x86_64 0.1.1 21.00 114.00 135.00 NOTE

Check Details

Version: 0.1.1
Check: Rd \usage sections
Result: NOTE
    Documented arguments not in \usage in documentation object 'extract_sptensor':
     ‘idxmat’
    
    Functions with \usage entries need to have the appropriate \alias
    entries, and all their arguments documented.
    The \usage entries must correspond to syntactically valid R code.
    See chapter ‘Writing R documentation files’ in the ‘Writing R
    Extensions’ manual.
Flavors: r-devel-linux-x86_64-debian-clang, r-devel-linux-x86_64-debian-gcc, r-devel-linux-x86_64-fedora-clang, r-devel-linux-x86_64-fedora-gcc, r-devel-windows-x86_64

Version: 0.1.1
Check: LazyData
Result: NOTE
     'LazyData' is specified without a 'data' directory
Flavors: r-devel-linux-x86_64-debian-clang, r-devel-linux-x86_64-debian-gcc, r-devel-linux-x86_64-fedora-clang, r-devel-linux-x86_64-fedora-gcc, r-devel-windows-x86_64, r-patched-linux-x86_64, r-release-linux-x86_64, r-release-macos-arm64, r-release-macos-x86_64, r-release-windows-x86_64, r-oldrel-macos-arm64, r-oldrel-macos-x86_64, r-oldrel-windows-x86_64