Last updated on 2024-03-29 07:54:59 CET.
Flavor | Version | Tinstall | Tcheck | Ttotal | Status | Flags |
---|---|---|---|---|---|---|
r-devel-linux-x86_64-debian-clang | 1.0.1 | 11.05 | 100.78 | 111.83 | NOTE | |
r-devel-linux-x86_64-debian-gcc | 1.0.1 | 8.07 | 73.32 | 81.39 | NOTE | |
r-devel-linux-x86_64-fedora-clang | 1.0.1 | 138.82 | NOTE | |||
r-devel-linux-x86_64-fedora-gcc | 1.0.1 | 134.99 | NOTE | |||
r-devel-windows-x86_64 | 1.0.1 | 11.00 | 84.00 | 95.00 | NOTE | |
r-patched-linux-x86_64 | 1.0.1 | 13.49 | 97.33 | 110.82 | NOTE | |
r-release-linux-x86_64 | 1.0.1 | 10.51 | 96.59 | 107.10 | OK | |
r-release-macos-arm64 | 1.0.1 | 40.00 | OK | |||
r-release-macos-x86_64 | 1.0.1 | 130.00 | OK | |||
r-release-windows-x86_64 | 1.0.1 | 15.00 | 105.00 | 120.00 | OK | |
r-oldrel-macos-arm64 | 1.0.1 | 46.00 | OK | |||
r-oldrel-windows-x86_64 | 1.0.1 | 14.00 | 105.00 | 119.00 | OK |
Version: 1.0.1
Check: Rd files
Result: NOTE
checkRd: (-1) tenFM.rank.Rd:31: Lost braces; missing escapes or markup?
31 | \item{penalty}{takes value in {1,2,3,4,5}, decides which penalty function to use for each tesnor mode \eqn{k}. Here \eqn{\nu} is a tuning parameter defined in the argument "\code{delta1}", and \eqn{d=\prod_{i=1}^{K} d_k }.
| ^
Flavors: r-devel-linux-x86_64-debian-clang, r-devel-linux-x86_64-debian-gcc, r-devel-linux-x86_64-fedora-clang, r-devel-linux-x86_64-fedora-gcc, r-devel-windows-x86_64, r-patched-linux-x86_64