CRAN Package Check Results for Package telemac

Last updated on 2023-06-01 08:56:16 CEST.

Flavor Version Tinstall Tcheck Ttotal Status Flags
r-devel-linux-x86_64-debian-clang 0.1.1 43.94 143.52 187.46 OK
r-devel-linux-x86_64-debian-gcc 0.1.1 36.55 106.62 143.17 OK
r-devel-linux-x86_64-fedora-clang 0.1.1 253.57 NOTE
r-devel-linux-x86_64-fedora-gcc 0.1.1 269.84 OK
r-devel-windows-x86_64 0.1.1 41.00 142.00 183.00 NOTE
r-patched-linux-x86_64 0.1.1 OK
r-release-linux-x86_64 0.1.1 30.32 135.65 165.97 OK
r-release-macos-arm64 0.1.1 76.00 NOTE
r-release-macos-x86_64 0.1.1 124.00 NOTE
r-release-windows-x86_64 0.1.1 51.00 175.00 226.00 NOTE
r-oldrel-macos-arm64 0.1.1 57.00 NOTE
r-oldrel-macos-x86_64 0.1.1 95.00 NOTE
r-oldrel-windows-x86_64 0.1.1 47.00 174.00 221.00 NOTE

Additional issues

noSuggests

Check Details

Version: 0.1.1
Check: installed package size
Result: NOTE
     installed size is 5.4Mb
     sub-directories of 1Mb or more:
     doc 3.7Mb
     telemac 1.0Mb
Flavors: r-devel-linux-x86_64-fedora-clang, r-devel-windows-x86_64, r-release-macos-arm64, r-release-macos-x86_64, r-release-windows-x86_64, r-oldrel-macos-arm64, r-oldrel-macos-x86_64, r-oldrel-windows-x86_64

Version: 0.1.1
Check: Rd cross-references
Result: NOTE
    Undeclared package ‘tibble’ in Rd xrefs
Flavor: r-devel-linux-x86_64-fedora-clang