Last updated on 2024-04-23 07:51:23 CEST.
Flavor | Version | Tinstall | Tcheck | Ttotal | Status | Flags |
---|---|---|---|---|---|---|
r-devel-linux-x86_64-debian-clang | 1.0.3 | 286.39 | 406.59 | 692.98 | NOTE | |
r-devel-linux-x86_64-debian-gcc | 1.0.3 | 225.05 | 282.21 | 507.26 | NOTE | |
r-devel-linux-x86_64-fedora-clang | 1.0.3 | 966.33 | NOTE | |||
r-devel-linux-x86_64-fedora-gcc | 1.0.3 | 937.24 | NOTE | |||
r-prerel-macos-arm64 | 1.0.3 | 175.00 | NOTE | |||
r-prerel-windows-x86_64 | 1.0.3 | 220.00 | 271.00 | 491.00 | NOTE | |
r-patched-linux-x86_64 | 1.0.3 | 280.51 | 386.64 | 667.15 | NOTE | |
r-release-linux-x86_64 | 1.0.3 | 206.90 | 375.57 | 582.47 | NOTE | |
r-release-macos-arm64 | 1.0.3 | 203.00 | NOTE | |||
r-release-macos-x86_64 | 1.0.3 | 354.00 | NOTE | |||
r-release-windows-x86_64 | 1.0.3 | 268.00 | 403.00 | 671.00 | NOTE | |
r-oldrel-macos-arm64 | 1.0.3 | 168.00 | NOTE | |||
r-oldrel-windows-x86_64 | 1.0.3 | 273.00 | 331.00 | 604.00 | OK |
Version: 1.0.3
Check: C++ specification
Result: NOTE
Specified C++11: please drop specification unless essential
Flavors: r-devel-linux-x86_64-debian-clang, r-devel-linux-x86_64-debian-gcc, r-devel-linux-x86_64-fedora-clang, r-devel-linux-x86_64-fedora-gcc, r-prerel-macos-arm64, r-prerel-windows-x86_64, r-patched-linux-x86_64, r-release-linux-x86_64, r-release-macos-arm64, r-release-macos-x86_64, r-release-windows-x86_64
Version: 1.0.3
Check: installed package size
Result: NOTE
installed size is 19.2Mb
sub-directories of 1Mb or more:
data 2.4Mb
libs 16.5Mb
Flavors: r-prerel-macos-arm64, r-release-macos-arm64, r-release-macos-x86_64, r-oldrel-macos-arm64