CRAN Package Check Results for Package tbma

Last updated on 2023-10-01 08:52:12 CEST.

Flavor Version Tinstall Tcheck Ttotal Status Flags
r-devel-linux-x86_64-debian-clang 0.1.0 9.64 78.43 88.07 NOTE
r-devel-linux-x86_64-debian-gcc 0.1.0 7.59 56.60 64.19 NOTE
r-devel-linux-x86_64-fedora-clang 0.1.0 101.09 NOTE
r-devel-linux-x86_64-fedora-gcc 0.1.0 98.36 NOTE
r-devel-windows-x86_64 0.1.0 7.00 71.00 78.00 NOTE
r-patched-linux-x86_64 0.1.0 9.16 71.31 80.47 NOTE
r-release-linux-x86_64 0.1.0 9.45 72.08 81.53 NOTE
r-release-macos-arm64 0.1.0 31.00 NOTE
r-release-macos-x86_64 0.1.0 51.00 NOTE
r-release-windows-x86_64 0.1.0 10.00 82.00 92.00 NOTE
r-oldrel-macos-arm64 0.1.0 32.00 NOTE
r-oldrel-macos-x86_64 0.1.0 41.00 NOTE
r-oldrel-windows-x86_64 0.1.0 11.00 86.00 97.00 NOTE

Check Details

Version: 0.1.0
Check: LazyData
Result: NOTE
     'LazyData' is specified without a 'data' directory
Flavors: r-devel-linux-x86_64-debian-clang, r-devel-linux-x86_64-debian-gcc, r-devel-linux-x86_64-fedora-clang, r-devel-linux-x86_64-fedora-gcc, r-devel-windows-x86_64, r-patched-linux-x86_64, r-release-linux-x86_64, r-release-macos-arm64, r-release-macos-x86_64, r-release-windows-x86_64, r-oldrel-macos-arm64, r-oldrel-macos-x86_64, r-oldrel-windows-x86_64