Last updated on 2023-05-28 20:04:11 CEST.
Flavor | Version | Tinstall | Tcheck | Ttotal | Status | Flags |
---|---|---|---|---|---|---|
r-devel-linux-x86_64-debian-clang | 0.3 | 188.79 | 160.25 | 349.04 | NOTE | |
r-devel-linux-x86_64-debian-gcc | 0.3 | 157.94 | 137.68 | 295.62 | NOTE | |
r-devel-linux-x86_64-fedora-clang | 0.3 | 506.23 | NOTE | |||
r-devel-linux-x86_64-fedora-gcc | 0.3 | 500.23 | NOTE | |||
r-devel-windows-x86_64 | 0.3 | 153.00 | 144.00 | 297.00 | NOTE | |
r-patched-linux-x86_64 | 0.3 | 167.87 | 152.10 | 319.97 | NOTE | |
r-release-linux-x86_64 | 0.3 | 160.93 | 155.49 | 316.42 | NOTE | |
r-release-macos-arm64 | 0.3 | 113.00 | NOTE | |||
r-release-macos-x86_64 | 0.3 | 194.00 | NOTE | |||
r-release-windows-x86_64 | 0.3 | 186.00 | 181.00 | 367.00 | NOTE | |
r-oldrel-macos-arm64 | 0.3 | 118.00 | NOTE | |||
r-oldrel-macos-x86_64 | 0.3 | 137.00 | NOTE | |||
r-oldrel-windows-x86_64 | 0.3 | 181.00 | 175.00 | 356.00 | OK |
Version: 0.3
Check: C++ specification
Result: NOTE
Specified C++11: please drop specification unless essential
Flavors: r-devel-linux-x86_64-debian-clang, r-devel-linux-x86_64-debian-gcc, r-devel-linux-x86_64-fedora-clang, r-devel-linux-x86_64-fedora-gcc, r-devel-windows-x86_64, r-patched-linux-x86_64, r-release-linux-x86_64, r-release-macos-arm64, r-release-macos-x86_64, r-release-windows-x86_64
Version: 0.3
Check: installed package size
Result: NOTE
installed size is 12.1Mb
sub-directories of 1Mb or more:
libs 10.9Mb
Flavors: r-release-macos-arm64, r-release-macos-x86_64, r-oldrel-macos-arm64, r-oldrel-macos-x86_64
Version: 0.3
Check: package dependencies
Result: NOTE
Package suggested but not available for checking: ‘SuperLearner’
Flavor: r-release-macos-x86_64