Last updated on 2024-03-28 07:53:05 CET.
Flavor | Version | Tinstall | Tcheck | Ttotal | Status | Flags |
---|---|---|---|---|---|---|
r-devel-linux-x86_64-debian-clang | 0.5 | 270.60 | 204.26 | 474.86 | OK | |
r-devel-linux-x86_64-debian-gcc | 0.5 | 215.05 | 168.94 | 383.99 | OK | |
r-devel-linux-x86_64-fedora-clang | 0.5 | 684.64 | OK | |||
r-devel-linux-x86_64-fedora-gcc | 0.5 | 711.40 | OK | |||
r-devel-windows-x86_64 | 0.5 | 210.00 | 184.00 | 394.00 | OK | |
r-patched-linux-x86_64 | 0.5 | 269.83 | 213.10 | 482.93 | OK | |
r-release-linux-x86_64 | 0.5 | 196.98 | 205.80 | 402.78 | OK | |
r-release-macos-arm64 | 0.5 | 137.00 | NOTE | |||
r-release-macos-x86_64 | 0.5 | 265.00 | NOTE | |||
r-release-windows-x86_64 | 0.5 | 260.00 | 239.00 | 499.00 | OK | |
r-oldrel-macos-arm64 | 0.5 | 128.00 | NOTE | |||
r-oldrel-windows-x86_64 | 0.5 | 257.00 | 230.00 | 487.00 | OK |
Version: 0.5
Check: installed package size
Result: NOTE
installed size is 15.0Mb
sub-directories of 1Mb or more:
doc 1.1Mb
libs 13.3Mb
Flavors: r-release-macos-arm64, r-release-macos-x86_64, r-oldrel-macos-arm64