Last updated on 2023-05-30 09:00:49 CEST.
Flavor | Version | Tinstall | Tcheck | Ttotal | Status | Flags |
---|---|---|---|---|---|---|
r-devel-linux-x86_64-debian-clang | 0.0.3 | 30.62 | 28.09 | 58.71 | NOTE | |
r-devel-linux-x86_64-debian-gcc | 0.0.3 | 26.89 | 22.22 | 49.11 | NOTE | |
r-devel-linux-x86_64-fedora-clang | 0.0.3 | 85.47 | NOTE | |||
r-devel-linux-x86_64-fedora-gcc | 0.0.3 | 88.00 | NOTE | |||
r-devel-windows-x86_64 | 0.0.3 | 28.00 | 69.00 | 97.00 | NOTE | |
r-patched-linux-x86_64 | 0.0.3 | 29.25 | 27.73 | 56.98 | NOTE | |
r-release-linux-x86_64 | 0.0.3 | 26.99 | 27.66 | 54.65 | NOTE | |
r-release-macos-arm64 | 0.0.3 | 28.00 | NOTE | |||
r-release-macos-x86_64 | 0.0.3 | 40.00 | NOTE | |||
r-release-windows-x86_64 | 0.0.3 | 35.00 | 74.00 | 109.00 | NOTE | |
r-oldrel-macos-arm64 | 0.0.3 | 31.00 | OK | |||
r-oldrel-macos-x86_64 | 0.0.3 | 35.00 | OK | |||
r-oldrel-windows-x86_64 | 0.0.3 | 34.00 | 72.00 | 106.00 | OK |
Version: 0.0.3
Check: C++ specification
Result: NOTE
Specified C++11: please drop specification unless essential
Flavors: r-devel-linux-x86_64-debian-clang, r-devel-linux-x86_64-debian-gcc, r-devel-linux-x86_64-fedora-clang, r-devel-linux-x86_64-fedora-gcc, r-devel-windows-x86_64, r-patched-linux-x86_64, r-release-linux-x86_64, r-release-macos-arm64, r-release-macos-x86_64, r-release-windows-x86_64