Last updated on 2024-04-25 08:00:09 CEST.
Flavor | Version | Tinstall | Tcheck | Ttotal | Status | Flags |
---|---|---|---|---|---|---|
r-devel-linux-x86_64-debian-clang | 0.0.3 | 35.79 | 29.75 | 65.54 | NOTE | |
r-devel-linux-x86_64-debian-gcc | 0.0.3 | 24.92 | 22.17 | 47.09 | NOTE | |
r-devel-linux-x86_64-fedora-clang | 0.0.3 | 91.39 | NOTE | |||
r-devel-linux-x86_64-fedora-gcc | 0.0.3 | 89.18 | NOTE | |||
r-devel-windows-x86_64 | 0.0.3 | 30.00 | 61.00 | 91.00 | NOTE | |
r-patched-linux-x86_64 | 0.0.3 | 32.77 | 28.74 | 61.51 | NOTE | |
r-release-linux-x86_64 | 0.0.3 | 30.31 | 27.75 | 58.06 | NOTE | |
r-release-macos-arm64 | 0.0.3 | 25.00 | NOTE | |||
r-release-windows-x86_64 | 0.0.3 | 26.00 | 61.00 | 87.00 | NOTE | |
r-oldrel-macos-arm64 | 0.0.3 | 28.00 | NOTE | |||
r-oldrel-macos-x86_64 | 0.0.3 | 40.00 | NOTE | |||
r-oldrel-windows-x86_64 | 0.0.3 | 33.00 | 69.00 | 102.00 | NOTE |
Version: 0.0.3
Check: C++ specification
Result: NOTE
Specified C++11: please drop specification unless essential
Flavors: r-devel-linux-x86_64-debian-clang, r-devel-linux-x86_64-debian-gcc, r-devel-linux-x86_64-fedora-clang, r-devel-linux-x86_64-fedora-gcc, r-devel-windows-x86_64, r-patched-linux-x86_64, r-release-linux-x86_64, r-release-macos-arm64, r-release-windows-x86_64, r-oldrel-macos-arm64, r-oldrel-macos-x86_64, r-oldrel-windows-x86_64