Last updated on 2024-04-23 19:51:01 CEST.
Flavor | Version | Tinstall | Tcheck | Ttotal | Status | Flags |
---|---|---|---|---|---|---|
r-devel-linux-x86_64-debian-clang | 0.1.0 | 3.40 | 50.58 | 53.98 | OK | |
r-devel-linux-x86_64-debian-gcc | 0.1.0 | 2.80 | 38.90 | 41.70 | OK | |
r-devel-linux-x86_64-fedora-clang | 0.1.0 | 70.75 | NOTE | |||
r-devel-linux-x86_64-fedora-gcc | 0.1.0 | 80.99 | NOTE | |||
r-prerel-macos-arm64 | 0.1.0 | 32.00 | OK | |||
r-prerel-windows-x86_64 | 0.1.0 | 6.00 | 61.00 | 67.00 | OK | |
r-patched-linux-x86_64 | 0.1.0 | 3.96 | 51.07 | 55.03 | OK | |
r-release-linux-x86_64 | 0.1.0 | 3.90 | 47.31 | 51.21 | OK | |
r-release-macos-arm64 | 0.1.0 | 32.00 | OK | |||
r-release-macos-x86_64 | 0.1.0 | 51.00 | OK | |||
r-release-windows-x86_64 | 0.1.0 | 7.00 | 65.00 | 72.00 | OK | |
r-oldrel-macos-arm64 | 0.1.0 | 25.00 | OK | |||
r-oldrel-windows-x86_64 | 0.1.0 | 7.00 | 72.00 | 79.00 | OK |
Version: 0.1.0
Check: dependencies in R code
Result: NOTE
Namespace in Imports field not imported from: ‘dplyr’
All declared Imports should be used.
Flavors: r-devel-linux-x86_64-fedora-clang, r-devel-linux-x86_64-fedora-gcc