CRAN Package Check Results for Package tablexlsx

Last updated on 2023-09-25 08:02:41 CEST.

Flavor Version Tinstall Tcheck Ttotal Status Flags
r-devel-linux-x86_64-debian-clang 0.1.0 4.17 49.36 53.53 OK
r-devel-linux-x86_64-debian-gcc 0.1.0 3.15 37.93 41.08 OK
r-devel-linux-x86_64-fedora-clang 0.1.0 66.75 NOTE
r-devel-linux-x86_64-fedora-gcc 0.1.0 75.76 NOTE
r-devel-windows-x86_64 0.1.0 7.00 61.00 68.00 OK
r-patched-linux-x86_64 0.1.0 4.44 47.46 51.90 OK
r-release-linux-x86_64 0.1.0 4.45 47.87 52.32 OK
r-release-macos-arm64 0.1.0 32.00 OK
r-release-macos-x86_64 0.1.0 51.00 OK
r-release-windows-x86_64 0.1.0 7.00 66.00 73.00 OK
r-oldrel-macos-arm64 0.1.0 25.00 OK
r-oldrel-macos-x86_64 0.1.0 35.00 OK
r-oldrel-windows-x86_64 0.1.0 8.00 69.00 77.00 OK

Check Details

Version: 0.1.0
Check: dependencies in R code
Result: NOTE
    Namespace in Imports field not imported from: ‘dplyr’
     All declared Imports should be used.
Flavors: r-devel-linux-x86_64-fedora-clang, r-devel-linux-x86_64-fedora-gcc